{"id":4703,"date":"2023-10-08T18:20:25","date_gmt":"2023-10-08T16:20:25","guid":{"rendered":"https:\/\/agenda.poscosecha.com\/eventos\/jornada-por-la-gestion-sostenible-de-envases\/"},"modified":"2023-10-08T18:40:00","modified_gmt":"2023-10-08T16:40:00","slug":"gestion-sostenible-de-envases","status":"publish","type":"mec-events","link":"https:\/\/agenda.poscosecha.com\/en\/eventos\/gestion-sostenible-de-envases\/","title":{"rendered":"Jornada \u00abPor la gesti\u00f3n sostenible de envases`"},"content":{"rendered":"<p style=\"text-align: right;\"><a href=\"https:\/\/www.retorna.org\/es\/elsddr\/propuesta.html\" target=\"_blank\" rel=\"noopener\">Imagen principal: una propuesta de sistema de retorno de envases, AQU\u00cd<\/a><\/p>\n<h3>FORO \u00abHacia una alimentaci\u00f3n m\u00e1s sostenible\u00bb<\/h3>\n<h3 style=\"text-align: center;\"><strong>Por la gesti\u00f3n sostenible de envases<\/strong><\/h3>\n<p>Por la gesti\u00f3n sostenible de envases<br \/>\nPere Fullana. C\u00e1tedra Unesco de la vida y cambio clim\u00e1tico. Universidad de Catalu\u00f1a<br \/>\nBego\u00f1a de Benito. Directora de Relaciones Externas y ESG de Ecoembes<br \/>\nMilagros Marcos. Diputada del Partido Popular<br \/>\nAurelio del Pino. Presidente de ACES<br \/>\nModera: Ricardo Miguel\u00e1\u00f1ez. Director general de Agrifood Comunicaci\u00f3n<\/p>\n<p>14:00h Clausura David Mart\u00edn. Director de Relaciones Institucionales de Carrefour Espa\u00f1a<\/p>\n<h4><strong>Informaci\u00f3n relacionada<\/strong><\/h4>\n<p><a href=\"https:\/\/www.bibliotecahorticultura.com\/publicaciones\/poscosecha\/envasado-sostenible-de-frutas-y-hortalizas\/\" target=\"_blank\" rel=\"noopener\"><img loading=\"lazy\" decoding=\"async\" class=\"aligncenter wp-image-4705\" src=\"https:\/\/agenda.poscosecha.com\/wp-content\/uploads\/2023\/10\/Libro-Envases-2.jpg\" alt=\"\" width=\"500\" height=\"709\" srcset=\"https:\/\/agenda.poscosecha.com\/wp-content\/uploads\/2023\/10\/Libro-Envases-2.jpg 500w, https:\/\/agenda.poscosecha.com\/wp-content\/uploads\/2023\/10\/Libro-Envases-2-480x681.jpg 480w\" sizes=\"(min-width: 0px) and (max-width: 480px) 480px, (min-width: 481px) 500px, 100vw\" \/><\/a><\/p>","protected":false},"excerpt":{"rendered":"<p>FORO \u00abHacia una alimentaci\u00f3n m\u00e1s sostenible\u00bb<\/p>","protected":false},"author":25,"featured_media":4702,"template":"","tags":[],"mec_category":[20],"class_list":["post-4703","mec-events","type-mec-events","status-publish","has-post-thumbnail","hentry","mec_category-congresos-forums-jornadas"],"yoast_head":"<!-- This site is optimized with the Yoast SEO plugin v27.5 - https:\/\/yoast.com\/product\/yoast-seo-wordpress\/ -->\n<title>Gesti\u00f3n de envases-Congresos-AGENDA Poscosecha<\/title>\n<meta name=\"description\" content=\"Organiza: qcom.es\" \/>\n<meta name=\"robots\" content=\"index, follow, max-snippet:-1, max-image-preview:large, max-video-preview:-1\" \/>\n<link rel=\"canonical\" href=\"https:\/\/agenda.poscosecha.com\/en\/eventos\/gestion-sostenible-de-envases\/\" \/>\n<meta property=\"og:locale\" content=\"en_GB\" \/>\n<meta property=\"og:type\" content=\"article\" \/>\n<meta property=\"og:title\" content=\"Gesti\u00f3n de envases-Congresos-AGENDA Poscosecha\" \/>\n<meta property=\"og:description\" content=\"Organiza: qcom.es\" \/>\n<meta property=\"og:url\" content=\"https:\/\/agenda.poscosecha.com\/en\/eventos\/gestion-sostenible-de-envases\/\" \/>\n<meta property=\"og:site_name\" content=\"AGENDA\" \/>\n<meta property=\"article:publisher\" content=\"https:\/\/www.facebook.com\/Poscosecha.Postharvest\/\" \/>\n<meta property=\"article:modified_time\" content=\"2023-10-08T16:40:00+00:00\" \/>\n<meta property=\"og:image\" content=\"https:\/\/agenda.poscosecha.com\/wp-content\/uploads\/2023\/10\/envases-gestion-esquema-16x9-1.jpg\" \/>\n\t<meta property=\"og:image:width\" content=\"600\" \/>\n\t<meta property=\"og:image:height\" content=\"338\" \/>\n\t<meta property=\"og:image:type\" content=\"image\/jpeg\" \/>\n<meta name=\"twitter:card\" content=\"summary_large_image\" \/>\n<meta name=\"twitter:site\" content=\"@poscosecha\" \/>\n<meta name=\"twitter:label1\" content=\"Estimated reading time\" \/>\n\t<meta name=\"twitter:data1\" content=\"1 minute\" \/>\n<script type=\"application\/ld+json\" class=\"yoast-schema-graph\">{\"@context\":\"https:\\\/\\\/schema.org\",\"@graph\":[{\"@type\":\"WebPage\",\"@id\":\"https:\\\/\\\/agenda.poscosecha.com\\\/eventos\\\/gestion-sostenible-de-envases\\\/\",\"url\":\"https:\\\/\\\/agenda.poscosecha.com\\\/eventos\\\/gestion-sostenible-de-envases\\\/\",\"name\":\"Gesti\u00f3n de envases-Congresos-AGENDA Poscosecha\",\"isPartOf\":{\"@id\":\"https:\\\/\\\/agenda.poscosecha.com\\\/#website\"},\"primaryImageOfPage\":{\"@id\":\"https:\\\/\\\/agenda.poscosecha.com\\\/eventos\\\/gestion-sostenible-de-envases\\\/#primaryimage\"},\"image\":{\"@id\":\"https:\\\/\\\/agenda.poscosecha.com\\\/eventos\\\/gestion-sostenible-de-envases\\\/#primaryimage\"},\"thumbnailUrl\":\"https:\\\/\\\/agenda.poscosecha.com\\\/wp-content\\\/uploads\\\/2023\\\/10\\\/envases-gestion-esquema-16x9-1.jpg\",\"datePublished\":\"2023-10-08T16:20:25+00:00\",\"dateModified\":\"2023-10-08T16:40:00+00:00\",\"description\":\"Organiza: qcom.es\",\"breadcrumb\":{\"@id\":\"https:\\\/\\\/agenda.poscosecha.com\\\/eventos\\\/gestion-sostenible-de-envases\\\/#breadcrumb\"},\"inLanguage\":\"en-GB\",\"potentialAction\":[{\"@type\":\"ReadAction\",\"target\":[\"https:\\\/\\\/agenda.poscosecha.com\\\/eventos\\\/gestion-sostenible-de-envases\\\/\"]}]},{\"@type\":\"ImageObject\",\"inLanguage\":\"en-GB\",\"@id\":\"https:\\\/\\\/agenda.poscosecha.com\\\/eventos\\\/gestion-sostenible-de-envases\\\/#primaryimage\",\"url\":\"https:\\\/\\\/agenda.poscosecha.com\\\/wp-content\\\/uploads\\\/2023\\\/10\\\/envases-gestion-esquema-16x9-1.jpg\",\"contentUrl\":\"https:\\\/\\\/agenda.poscosecha.com\\\/wp-content\\\/uploads\\\/2023\\\/10\\\/envases-gestion-esquema-16x9-1.jpg\",\"width\":600,\"height\":338},{\"@type\":\"BreadcrumbList\",\"@id\":\"https:\\\/\\\/agenda.poscosecha.com\\\/eventos\\\/gestion-sostenible-de-envases\\\/#breadcrumb\",\"itemListElement\":[{\"@type\":\"ListItem\",\"position\":1,\"name\":\"Portada\",\"item\":\"https:\\\/\\\/agenda.poscosecha.com\\\/\"},{\"@type\":\"ListItem\",\"position\":2,\"name\":\"Eventos\",\"item\":\"https:\\\/\\\/agenda.poscosecha.com\\\/eventos\\\/\"},{\"@type\":\"ListItem\",\"position\":3,\"name\":\"Jornada \u00abPor la gesti\u00f3n sostenible de envases`\"}]},{\"@type\":\"WebSite\",\"@id\":\"https:\\\/\\\/agenda.poscosecha.com\\\/#website\",\"url\":\"https:\\\/\\\/agenda.poscosecha.com\\\/\",\"name\":\"Agenda de Eventos\",\"description\":\"Conectando comunidades poscosecha globales\",\"publisher\":{\"@id\":\"https:\\\/\\\/agenda.poscosecha.com\\\/#organization\"},\"potentialAction\":[{\"@type\":\"SearchAction\",\"target\":{\"@type\":\"EntryPoint\",\"urlTemplate\":\"https:\\\/\\\/agenda.poscosecha.com\\\/?s={search_term_string}\"},\"query-input\":{\"@type\":\"PropertyValueSpecification\",\"valueRequired\":true,\"valueName\":\"search_term_string\"}}],\"inLanguage\":\"en-GB\"},{\"@type\":\"Organization\",\"@id\":\"https:\\\/\\\/agenda.poscosecha.com\\\/#organization\",\"name\":\"Agenda de Eventos\",\"url\":\"https:\\\/\\\/agenda.poscosecha.com\\\/\",\"logo\":{\"@type\":\"ImageObject\",\"inLanguage\":\"en-GB\",\"@id\":\"https:\\\/\\\/agenda.poscosecha.com\\\/#\\\/schema\\\/logo\\\/image\\\/\",\"url\":\"https:\\\/\\\/agenda.poscosecha.com\\\/wp-content\\\/uploads\\\/2023\\\/06\\\/cropped-Agenda-logo-vs-1.png\",\"contentUrl\":\"https:\\\/\\\/agenda.poscosecha.com\\\/wp-content\\\/uploads\\\/2023\\\/06\\\/cropped-Agenda-logo-vs-1.png\",\"width\":512,\"height\":512,\"caption\":\"Agenda de Eventos\"},\"image\":{\"@id\":\"https:\\\/\\\/agenda.poscosecha.com\\\/#\\\/schema\\\/logo\\\/image\\\/\"},\"sameAs\":[\"https:\\\/\\\/www.facebook.com\\\/Poscosecha.Postharvest\\\/\",\"https:\\\/\\\/x.com\\\/poscosecha\",\"https:\\\/\\\/www.linkedin.com\\\/company\\\/poscosecha.com\\\/\"]}]}<\/script>\n<!-- \/ Yoast SEO plugin. -->","yoast_head_json":{"title":"Gesti\u00f3n de envases-Congresos-AGENDA Poscosecha","description":"Organiza: qcom.es","robots":{"index":"index","follow":"follow","max-snippet":"max-snippet:-1","max-image-preview":"max-image-preview:large","max-video-preview":"max-video-preview:-1"},"canonical":"https:\/\/agenda.poscosecha.com\/en\/eventos\/gestion-sostenible-de-envases\/","og_locale":"en_GB","og_type":"article","og_title":"Gesti\u00f3n de envases-Congresos-AGENDA Poscosecha","og_description":"Organiza: qcom.es","og_url":"https:\/\/agenda.poscosecha.com\/en\/eventos\/gestion-sostenible-de-envases\/","og_site_name":"AGENDA","article_publisher":"https:\/\/www.facebook.com\/Poscosecha.Postharvest\/","article_modified_time":"2023-10-08T16:40:00+00:00","og_image":[{"width":600,"height":338,"url":"https:\/\/agenda.poscosecha.com\/wp-content\/uploads\/2023\/10\/envases-gestion-esquema-16x9-1.jpg","type":"image\/jpeg"}],"twitter_card":"summary_large_image","twitter_site":"@poscosecha","twitter_misc":{"Estimated reading time":"1 minute"},"schema":{"@context":"https:\/\/schema.org","@graph":[{"@type":"WebPage","@id":"https:\/\/agenda.poscosecha.com\/eventos\/gestion-sostenible-de-envases\/","url":"https:\/\/agenda.poscosecha.com\/eventos\/gestion-sostenible-de-envases\/","name":"Gesti\u00f3n de envases-Congresos-AGENDA Poscosecha","isPartOf":{"@id":"https:\/\/agenda.poscosecha.com\/#website"},"primaryImageOfPage":{"@id":"https:\/\/agenda.poscosecha.com\/eventos\/gestion-sostenible-de-envases\/#primaryimage"},"image":{"@id":"https:\/\/agenda.poscosecha.com\/eventos\/gestion-sostenible-de-envases\/#primaryimage"},"thumbnailUrl":"https:\/\/agenda.poscosecha.com\/wp-content\/uploads\/2023\/10\/envases-gestion-esquema-16x9-1.jpg","datePublished":"2023-10-08T16:20:25+00:00","dateModified":"2023-10-08T16:40:00+00:00","description":"Organiza: qcom.es","breadcrumb":{"@id":"https:\/\/agenda.poscosecha.com\/eventos\/gestion-sostenible-de-envases\/#breadcrumb"},"inLanguage":"en-GB","potentialAction":[{"@type":"ReadAction","target":["https:\/\/agenda.poscosecha.com\/eventos\/gestion-sostenible-de-envases\/"]}]},{"@type":"ImageObject","inLanguage":"en-GB","@id":"https:\/\/agenda.poscosecha.com\/eventos\/gestion-sostenible-de-envases\/#primaryimage","url":"https:\/\/agenda.poscosecha.com\/wp-content\/uploads\/2023\/10\/envases-gestion-esquema-16x9-1.jpg","contentUrl":"https:\/\/agenda.poscosecha.com\/wp-content\/uploads\/2023\/10\/envases-gestion-esquema-16x9-1.jpg","width":600,"height":338},{"@type":"BreadcrumbList","@id":"https:\/\/agenda.poscosecha.com\/eventos\/gestion-sostenible-de-envases\/#breadcrumb","itemListElement":[{"@type":"ListItem","position":1,"name":"Portada","item":"https:\/\/agenda.poscosecha.com\/"},{"@type":"ListItem","position":2,"name":"Eventos","item":"https:\/\/agenda.poscosecha.com\/eventos\/"},{"@type":"ListItem","position":3,"name":"Jornada \u00abPor la gesti\u00f3n sostenible de envases`"}]},{"@type":"WebSite","@id":"https:\/\/agenda.poscosecha.com\/#website","url":"https:\/\/agenda.poscosecha.com\/","name":"Agenda de Eventos","description":"Conectando comunidades poscosecha globales","publisher":{"@id":"https:\/\/agenda.poscosecha.com\/#organization"},"potentialAction":[{"@type":"SearchAction","target":{"@type":"EntryPoint","urlTemplate":"https:\/\/agenda.poscosecha.com\/?s={search_term_string}"},"query-input":{"@type":"PropertyValueSpecification","valueRequired":true,"valueName":"search_term_string"}}],"inLanguage":"en-GB"},{"@type":"Organization","@id":"https:\/\/agenda.poscosecha.com\/#organization","name":"Agenda de Eventos","url":"https:\/\/agenda.poscosecha.com\/","logo":{"@type":"ImageObject","inLanguage":"en-GB","@id":"https:\/\/agenda.poscosecha.com\/#\/schema\/logo\/image\/","url":"https:\/\/agenda.poscosecha.com\/wp-content\/uploads\/2023\/06\/cropped-Agenda-logo-vs-1.png","contentUrl":"https:\/\/agenda.poscosecha.com\/wp-content\/uploads\/2023\/06\/cropped-Agenda-logo-vs-1.png","width":512,"height":512,"caption":"Agenda de Eventos"},"image":{"@id":"https:\/\/agenda.poscosecha.com\/#\/schema\/logo\/image\/"},"sameAs":["https:\/\/www.facebook.com\/Poscosecha.Postharvest\/","https:\/\/x.com\/poscosecha","https:\/\/www.linkedin.com\/company\/poscosecha.com\/"]}]}},"_links":{"self":[{"href":"https:\/\/agenda.poscosecha.com\/en\/wp-json\/wp\/v2\/mec-events\/4703","targetHints":{"allow":["GET"]}}],"collection":[{"href":"https:\/\/agenda.poscosecha.com\/en\/wp-json\/wp\/v2\/mec-events"}],"about":[{"href":"https:\/\/agenda.poscosecha.com\/en\/wp-json\/wp\/v2\/types\/mec-events"}],"author":[{"embeddable":true,"href":"https:\/\/agenda.poscosecha.com\/en\/wp-json\/wp\/v2\/users\/25"}],"wp:featuredmedia":[{"embeddable":true,"href":"https:\/\/agenda.poscosecha.com\/en\/wp-json\/wp\/v2\/media\/4702"}],"wp:attachment":[{"href":"https:\/\/agenda.poscosecha.com\/en\/wp-json\/wp\/v2\/media?parent=4703"}],"wp:term":[{"taxonomy":"post_tag","embeddable":true,"href":"https:\/\/agenda.poscosecha.com\/en\/wp-json\/wp\/v2\/tags?post=4703"},{"taxonomy":"mec_category","embeddable":true,"href":"https:\/\/agenda.poscosecha.com\/en\/wp-json\/wp\/v2\/mec_category?post=4703"}],"curies":[{"name":"wp","href":"https:\/\/api.w.org\/{rel}","templated":true}]}}

Jornada «Por la gestión sostenible de envases`

<p style="text-align: right;"><a href="https://www.retorna.org/es/elsddr/propuesta.html" target="_blank" rel="noopener">Imagen principal: una propuesta de sistema de retorno de envases, AQUÍ</a></p>
<h3>FORO «Hacia una alimentación más sostenible»</h3>
<h3 style="text-align: center;"><strong>Por la gestión sostenible de envases</strong></h3>
<p>Por la gestión sostenible de envases<br />
Pere Fullana. Cátedra Unesco de la vida y cambio climático. Universidad de Cataluña<br />
Begoña de Benito. Directora de Relaciones Externas y ESG de Ecoembes<br />
Milagros Marcos. Diputada del Partido Popular<br />
Aurelio del Pino. Presidente de ACES<br />
Modera: Ricardo Migueláñez. Director general de Agrifood Comunicación</p>
<p>14:00h Clausura David Martín. Director de Relaciones Institucionales de Carrefour España</p>
<h4><strong>Información relacionada</strong></h4>
<p><a href="https://www.bibliotecahorticultura.com/publicaciones/poscosecha/envasado-sostenible-de-frutas-y-hortalizas/" target="_blank" rel="noopener"><img loading="lazy" decoding="async" class="aligncenter wp-image-4705" src="https://agenda.poscosecha.com/wp-content/uploads/2023/10/Libro-Envases-2.jpg" alt="" width="500" height="709" srcset="https://agenda.poscosecha.com/wp-content/uploads/2023/10/Libro-Envases-2.jpg 500w, https://agenda.poscosecha.com/wp-content/uploads/2023/10/Libro-Envases-2-480x681.jpg 480w" sizes="(min-width: 0px) and (max-width: 480px) 480px, (min-width: 481px) 500px, 100vw" /></a></p>

<p>FORO «Hacia una alimentación más sostenible»</p>

<!-- This site is optimized with the Yoast SEO plugin v27.5 - https://yoast.com/product/yoast-seo-wordpress/ -->
<title>Gestión de envases-Congresos-AGENDA Poscosecha</title>
<meta name="description" content="Organiza: qcom.es" />
<meta name="robots" content="index, follow, max-snippet:-1, max-image-preview:large, max-video-preview:-1" />
<link rel="canonical" href="https://agenda.poscosecha.com/en/eventos/gestion-sostenible-de-envases/" />
<meta property="og:locale" content="en_GB" />
<meta property="og:type" content="article" />
<meta property="og:title" content="Gestión de envases-Congresos-AGENDA Poscosecha" />
<meta property="og:description" content="Organiza: qcom.es" />
<meta property="og:url" content="https://agenda.poscosecha.com/en/eventos/gestion-sostenible-de-envases/" />
<meta property="og:site_name" content="AGENDA" />
<meta property="article:publisher" content="https://www.facebook.com/Poscosecha.Postharvest/" />
<meta property="article:modified_time" content="2023-10-08T16:40:00+00:00" />
<meta property="og:image" content="https://agenda.poscosecha.com/wp-content/uploads/2023/10/envases-gestion-esquema-16x9-1.jpg" />
	<meta property="og:image:width" content="600" />
	<meta property="og:image:height" content="338" />
	<meta property="og:image:type" content="image/jpeg" />
<meta name="twitter:card" content="summary_large_image" />
<meta name="twitter:site" content="@poscosecha" />
<meta name="twitter:label1" content="Estimated reading time" />
	<meta name="twitter:data1" content="1 minute" />
<script type="application/ld+json" class="yoast-schema-graph">{"@context":"https:\/\/schema.org","@graph":[{"@type":"WebPage","@id":"https:\/\/agenda.poscosecha.com\/eventos\/gestion-sostenible-de-envases\/","url":"https:\/\/agenda.poscosecha.com\/eventos\/gestion-sostenible-de-envases\/","name":"Gestión de envases-Congresos-AGENDA Poscosecha","isPartOf":{"@id":"https:\/\/agenda.poscosecha.com\/#website"},"primaryImageOfPage":{"@id":"https:\/\/agenda.poscosecha.com\/eventos\/gestion-sostenible-de-envases\/#primaryimage"},"image":{"@id":"https:\/\/agenda.poscosecha.com\/eventos\/gestion-sostenible-de-envases\/#primaryimage"},"thumbnailUrl":"https:\/\/agenda.poscosecha.com\/wp-content\/uploads\/2023\/10\/envases-gestion-esquema-16x9-1.jpg","datePublished":"2023-10-08T16:20:25+00:00","dateModified":"2023-10-08T16:40:00+00:00","description":"Organiza: qcom.es","breadcrumb":{"@id":"https:\/\/agenda.poscosecha.com\/eventos\/gestion-sostenible-de-envases\/#breadcrumb"},"inLanguage":"en-GB","potentialAction":[{"@type":"ReadAction","target":["https:\/\/agenda.poscosecha.com\/eventos\/gestion-sostenible-de-envases\/"]}]},{"@type":"ImageObject","inLanguage":"en-GB","@id":"https:\/\/agenda.poscosecha.com\/eventos\/gestion-sostenible-de-envases\/#primaryimage","url":"https:\/\/agenda.poscosecha.com\/wp-content\/uploads\/2023\/10\/envases-gestion-esquema-16x9-1.jpg","contentUrl":"https:\/\/agenda.poscosecha.com\/wp-content\/uploads\/2023\/10\/envases-gestion-esquema-16x9-1.jpg","width":600,"height":338},{"@type":"BreadcrumbList","@id":"https:\/\/agenda.poscosecha.com\/eventos\/gestion-sostenible-de-envases\/#breadcrumb","itemListElement":[{"@type":"ListItem","position":1,"name":"Portada","item":"https:\/\/agenda.poscosecha.com\/"},{"@type":"ListItem","position":2,"name":"Eventos","item":"https:\/\/agenda.poscosecha.com\/eventos\/"},{"@type":"ListItem","position":3,"name":"Jornada «Por la gestión sostenible de envases`"}]},{"@type":"WebSite","@id":"https:\/\/agenda.poscosecha.com\/#website","url":"https:\/\/agenda.poscosecha.com\/","name":"Agenda de Eventos","description":"Conectando comunidades poscosecha globales","publisher":{"@id":"https:\/\/agenda.poscosecha.com\/#organization"},"potentialAction":[{"@type":"SearchAction","target":{"@type":"EntryPoint","urlTemplate":"https:\/\/agenda.poscosecha.com\/?s={search_term_string}"},"query-input":{"@type":"PropertyValueSpecification","valueRequired":true,"valueName":"search_term_string"}}],"inLanguage":"en-GB"},{"@type":"Organization","@id":"https:\/\/agenda.poscosecha.com\/#organization","name":"Agenda de Eventos","url":"https:\/\/agenda.poscosecha.com\/","logo":{"@type":"ImageObject","inLanguage":"en-GB","@id":"https:\/\/agenda.poscosecha.com\/#\/schema\/logo\/image\/","url":"https:\/\/agenda.poscosecha.com\/wp-content\/uploads\/2023\/06\/cropped-Agenda-logo-vs-1.png","contentUrl":"https:\/\/agenda.poscosecha.com\/wp-content\/uploads\/2023\/06\/cropped-Agenda-logo-vs-1.png","width":512,"height":512,"caption":"Agenda de Eventos"},"image":{"@id":"https:\/\/agenda.poscosecha.com\/#\/schema\/logo\/image\/"},"sameAs":["https:\/\/www.facebook.com\/Poscosecha.Postharvest\/","https:\/\/x.com\/poscosecha","https:\/\/www.linkedin.com\/company\/poscosecha.com\/"]}]}</script>
<!-- / Yoast SEO plugin. -->

Gestión de envases-Congresos-AGENDA Poscosecha
