{"id":4693,"date":"2023-10-08T14:19:45","date_gmt":"2023-10-08T12:19:45","guid":{"rendered":"https:\/\/agenda.poscosecha.com\/eventos\/vitafoods-europe-2\/"},"modified":"2026-01-17T17:20:40","modified_gmt":"2026-01-17T16:20:40","slug":"vitafoods-europe-barcelona","status":"publish","type":"mec-events","link":"https:\/\/agenda.poscosecha.com\/en\/eventos\/vitafoods-europe-barcelona\/","title":{"rendered":"Vitafoods Europe &#8211; 2025"},"content":{"rendered":"<h2 style=\"text-align: center;\">En 5 &#8211; 7, Mayo 2026<\/h2>\n<p><a href=\"https:\/\/www.vitafoods.eu.com\/en\/attend\/vfe\/why-attend.html?utm_source=google&amp;utm_medium=paid-search&amp;utm_campaign=hln26vfe-tag-delprom&amp;utm_content=europe-spanish&amp;gad_source=1\" target=\"_blank\" rel=\"noopener\"><strong>Ver evento 2026, AQU\u00cd<\/strong><\/a><\/p>\n<h3 style=\"text-align: center;\">Fira de Barcelona acoger\u00e1 Vitafoods Europe, el sal\u00f3n l\u00edder a de la industria nutric\u00e9utica<\/h3>\n<p>Vitafoods Europe, el sal\u00f3n l\u00edder mundial de la industria nutric\u00e9utica se celebrar\u00e1 en el recinto ferial de Gran Via a partir de la primavera de 2026. El evento, que re\u00fane anualmente a m\u00e1s de 1.000 empresas y 22.000 visitantes de m\u00e1s de 160 pa\u00edses, ha elegido Barcelona para impulsar su crecimiento y reforzar\u00e1 as\u00ed el posicionamiento de Fira de Barcelona como referente internacional del sector alimentario, junto con salones como Alimentaria o Seafood, entre otros.<\/p>\n<p>Vitafoods Europe se trasladar\u00e1 a Barcelona desde Ginebra que ha sido su sede desde 1998. El sal\u00f3n celebrar\u00e1 su \u00faltima edici\u00f3n en la ciudad suiza el pr\u00f3ximo mes de mayo de 2024 y llegar\u00e1 a Barcelona en 2025 donde ocupar\u00e1 80.000 m\u00b2 del recinto de Gran Via con el objetivo de seguir creciendo en la ciudad durante los siguientes a\u00f1os como l\u00edder mundial del sector nutric\u00e9utico, de complementos nutricionales saludables de origen natural.<\/p>\n<p>Fira Barcelona Gran Via, Av. Joan Carles I, 64, 08908 L&#8217;Hospitalet de Llobregat, Barcelona, Spain<\/p>","protected":false},"excerpt":{"rendered":"<p>Fira de Barcelona acoger\u00e1 Vitafoods Europe, el sal\u00f3n l\u00edder a de la industria nutric\u00e9utica<\/p>","protected":false},"author":25,"featured_media":6928,"template":"","tags":[],"mec_category":[20,19],"class_list":["post-4693","mec-events","type-mec-events","status-publish","has-post-thumbnail","hentry","mec_category-congresos-forums-jornadas","mec_category-ferias"],"yoast_head":"<!-- This site is optimized with the Yoast SEO plugin v27.4 - https:\/\/yoast.com\/product\/yoast-seo-wordpress\/ -->\n<title>Vita Foods Europe-Ferias-AGENDA Poscosecha<\/title>\n<meta name=\"description\" content=\"Fira de Barcelona acoger\u00e1 Vitafoods Europe, el sal\u00f3n l\u00edder a de la industria nutric\u00e9utica se celebrar\u00e1 en el recinto de Gran Via en 2026\" \/>\n<meta name=\"robots\" content=\"index, follow, max-snippet:-1, max-image-preview:large, max-video-preview:-1\" \/>\n<link rel=\"canonical\" href=\"https:\/\/agenda.poscosecha.com\/en\/eventos\/vitafoods-europe-barcelona\/\" \/>\n<meta property=\"og:locale\" content=\"en_GB\" \/>\n<meta property=\"og:type\" content=\"article\" \/>\n<meta property=\"og:title\" content=\"Vita Foods Europe-Ferias-AGENDA Poscosecha\" \/>\n<meta property=\"og:description\" content=\"Fira de Barcelona acoger\u00e1 Vitafoods Europe, el sal\u00f3n l\u00edder a de la industria nutric\u00e9utica se celebrar\u00e1 en el recinto de Gran Via en 2026\" \/>\n<meta property=\"og:url\" content=\"https:\/\/agenda.poscosecha.com\/en\/eventos\/vitafoods-europe-barcelona\/\" \/>\n<meta property=\"og:site_name\" content=\"AGENDA\" \/>\n<meta property=\"article:publisher\" content=\"https:\/\/www.facebook.com\/Poscosecha.Postharvest\/\" \/>\n<meta property=\"article:modified_time\" content=\"2026-01-17T16:20:40+00:00\" \/>\n<meta property=\"og:image\" content=\"https:\/\/agenda.poscosecha.com\/wp-content\/uploads\/2023\/10\/VitaFoods-EU.jpg\" \/>\n\t<meta property=\"og:image:width\" content=\"663\" \/>\n\t<meta property=\"og:image:height\" content=\"373\" \/>\n\t<meta property=\"og:image:type\" content=\"image\/jpeg\" \/>\n<meta name=\"twitter:card\" content=\"summary_large_image\" \/>\n<meta name=\"twitter:site\" content=\"@poscosecha\" \/>\n<meta name=\"twitter:label1\" content=\"Estimated reading time\" \/>\n\t<meta name=\"twitter:data1\" content=\"2 minutes\" \/>\n<script type=\"application\/ld+json\" class=\"yoast-schema-graph\">{\"@context\":\"https:\\\/\\\/schema.org\",\"@graph\":[{\"@type\":\"WebPage\",\"@id\":\"https:\\\/\\\/agenda.poscosecha.com\\\/eventos\\\/vitafoods-europe-barcelona\\\/\",\"url\":\"https:\\\/\\\/agenda.poscosecha.com\\\/eventos\\\/vitafoods-europe-barcelona\\\/\",\"name\":\"Vita Foods Europe-Ferias-AGENDA Poscosecha\",\"isPartOf\":{\"@id\":\"https:\\\/\\\/agenda.poscosecha.com\\\/#website\"},\"primaryImageOfPage\":{\"@id\":\"https:\\\/\\\/agenda.poscosecha.com\\\/eventos\\\/vitafoods-europe-barcelona\\\/#primaryimage\"},\"image\":{\"@id\":\"https:\\\/\\\/agenda.poscosecha.com\\\/eventos\\\/vitafoods-europe-barcelona\\\/#primaryimage\"},\"thumbnailUrl\":\"https:\\\/\\\/agenda.poscosecha.com\\\/wp-content\\\/uploads\\\/2023\\\/10\\\/VitaFoods-EU.jpg\",\"datePublished\":\"2023-10-08T12:19:45+00:00\",\"dateModified\":\"2026-01-17T16:20:40+00:00\",\"description\":\"Fira de Barcelona acoger\u00e1 Vitafoods Europe, el sal\u00f3n l\u00edder a de la industria nutric\u00e9utica se celebrar\u00e1 en el recinto de Gran Via en 2026\",\"breadcrumb\":{\"@id\":\"https:\\\/\\\/agenda.poscosecha.com\\\/eventos\\\/vitafoods-europe-barcelona\\\/#breadcrumb\"},\"inLanguage\":\"en-GB\",\"potentialAction\":[{\"@type\":\"ReadAction\",\"target\":[\"https:\\\/\\\/agenda.poscosecha.com\\\/eventos\\\/vitafoods-europe-barcelona\\\/\"]}]},{\"@type\":\"ImageObject\",\"inLanguage\":\"en-GB\",\"@id\":\"https:\\\/\\\/agenda.poscosecha.com\\\/eventos\\\/vitafoods-europe-barcelona\\\/#primaryimage\",\"url\":\"https:\\\/\\\/agenda.poscosecha.com\\\/wp-content\\\/uploads\\\/2023\\\/10\\\/VitaFoods-EU.jpg\",\"contentUrl\":\"https:\\\/\\\/agenda.poscosecha.com\\\/wp-content\\\/uploads\\\/2023\\\/10\\\/VitaFoods-EU.jpg\",\"width\":663,\"height\":373},{\"@type\":\"BreadcrumbList\",\"@id\":\"https:\\\/\\\/agenda.poscosecha.com\\\/eventos\\\/vitafoods-europe-barcelona\\\/#breadcrumb\",\"itemListElement\":[{\"@type\":\"ListItem\",\"position\":1,\"name\":\"Portada\",\"item\":\"https:\\\/\\\/agenda.poscosecha.com\\\/\"},{\"@type\":\"ListItem\",\"position\":2,\"name\":\"Eventos\",\"item\":\"https:\\\/\\\/agenda.poscosecha.com\\\/eventos\\\/\"},{\"@type\":\"ListItem\",\"position\":3,\"name\":\"Vitafoods Europe &#8211; 2025\"}]},{\"@type\":\"WebSite\",\"@id\":\"https:\\\/\\\/agenda.poscosecha.com\\\/#website\",\"url\":\"https:\\\/\\\/agenda.poscosecha.com\\\/\",\"name\":\"Agenda de Eventos\",\"description\":\"Conectando comunidades poscosecha globales\",\"publisher\":{\"@id\":\"https:\\\/\\\/agenda.poscosecha.com\\\/#organization\"},\"potentialAction\":[{\"@type\":\"SearchAction\",\"target\":{\"@type\":\"EntryPoint\",\"urlTemplate\":\"https:\\\/\\\/agenda.poscosecha.com\\\/?s={search_term_string}\"},\"query-input\":{\"@type\":\"PropertyValueSpecification\",\"valueRequired\":true,\"valueName\":\"search_term_string\"}}],\"inLanguage\":\"en-GB\"},{\"@type\":\"Organization\",\"@id\":\"https:\\\/\\\/agenda.poscosecha.com\\\/#organization\",\"name\":\"Agenda de Eventos\",\"url\":\"https:\\\/\\\/agenda.poscosecha.com\\\/\",\"logo\":{\"@type\":\"ImageObject\",\"inLanguage\":\"en-GB\",\"@id\":\"https:\\\/\\\/agenda.poscosecha.com\\\/#\\\/schema\\\/logo\\\/image\\\/\",\"url\":\"https:\\\/\\\/agenda.poscosecha.com\\\/wp-content\\\/uploads\\\/2023\\\/06\\\/cropped-Agenda-logo-vs-1.png\",\"contentUrl\":\"https:\\\/\\\/agenda.poscosecha.com\\\/wp-content\\\/uploads\\\/2023\\\/06\\\/cropped-Agenda-logo-vs-1.png\",\"width\":512,\"height\":512,\"caption\":\"Agenda de Eventos\"},\"image\":{\"@id\":\"https:\\\/\\\/agenda.poscosecha.com\\\/#\\\/schema\\\/logo\\\/image\\\/\"},\"sameAs\":[\"https:\\\/\\\/www.facebook.com\\\/Poscosecha.Postharvest\\\/\",\"https:\\\/\\\/x.com\\\/poscosecha\",\"https:\\\/\\\/www.linkedin.com\\\/company\\\/poscosecha.com\\\/\"]}]}<\/script>\n<!-- \/ Yoast SEO plugin. -->","yoast_head_json":{"title":"Vita Foods Europe-Ferias-AGENDA Poscosecha","description":"Fira de Barcelona acoger\u00e1 Vitafoods Europe, el sal\u00f3n l\u00edder a de la industria nutric\u00e9utica se celebrar\u00e1 en el recinto de Gran Via en 2026","robots":{"index":"index","follow":"follow","max-snippet":"max-snippet:-1","max-image-preview":"max-image-preview:large","max-video-preview":"max-video-preview:-1"},"canonical":"https:\/\/agenda.poscosecha.com\/en\/eventos\/vitafoods-europe-barcelona\/","og_locale":"en_GB","og_type":"article","og_title":"Vita Foods Europe-Ferias-AGENDA Poscosecha","og_description":"Fira de Barcelona acoger\u00e1 Vitafoods Europe, el sal\u00f3n l\u00edder a de la industria nutric\u00e9utica se celebrar\u00e1 en el recinto de Gran Via en 2026","og_url":"https:\/\/agenda.poscosecha.com\/en\/eventos\/vitafoods-europe-barcelona\/","og_site_name":"AGENDA","article_publisher":"https:\/\/www.facebook.com\/Poscosecha.Postharvest\/","article_modified_time":"2026-01-17T16:20:40+00:00","og_image":[{"width":663,"height":373,"url":"https:\/\/agenda.poscosecha.com\/wp-content\/uploads\/2023\/10\/VitaFoods-EU.jpg","type":"image\/jpeg"}],"twitter_card":"summary_large_image","twitter_site":"@poscosecha","twitter_misc":{"Estimated reading time":"2 minutes"},"schema":{"@context":"https:\/\/schema.org","@graph":[{"@type":"WebPage","@id":"https:\/\/agenda.poscosecha.com\/eventos\/vitafoods-europe-barcelona\/","url":"https:\/\/agenda.poscosecha.com\/eventos\/vitafoods-europe-barcelona\/","name":"Vita Foods Europe-Ferias-AGENDA Poscosecha","isPartOf":{"@id":"https:\/\/agenda.poscosecha.com\/#website"},"primaryImageOfPage":{"@id":"https:\/\/agenda.poscosecha.com\/eventos\/vitafoods-europe-barcelona\/#primaryimage"},"image":{"@id":"https:\/\/agenda.poscosecha.com\/eventos\/vitafoods-europe-barcelona\/#primaryimage"},"thumbnailUrl":"https:\/\/agenda.poscosecha.com\/wp-content\/uploads\/2023\/10\/VitaFoods-EU.jpg","datePublished":"2023-10-08T12:19:45+00:00","dateModified":"2026-01-17T16:20:40+00:00","description":"Fira de Barcelona acoger\u00e1 Vitafoods Europe, el sal\u00f3n l\u00edder a de la industria nutric\u00e9utica se celebrar\u00e1 en el recinto de Gran Via en 2026","breadcrumb":{"@id":"https:\/\/agenda.poscosecha.com\/eventos\/vitafoods-europe-barcelona\/#breadcrumb"},"inLanguage":"en-GB","potentialAction":[{"@type":"ReadAction","target":["https:\/\/agenda.poscosecha.com\/eventos\/vitafoods-europe-barcelona\/"]}]},{"@type":"ImageObject","inLanguage":"en-GB","@id":"https:\/\/agenda.poscosecha.com\/eventos\/vitafoods-europe-barcelona\/#primaryimage","url":"https:\/\/agenda.poscosecha.com\/wp-content\/uploads\/2023\/10\/VitaFoods-EU.jpg","contentUrl":"https:\/\/agenda.poscosecha.com\/wp-content\/uploads\/2023\/10\/VitaFoods-EU.jpg","width":663,"height":373},{"@type":"BreadcrumbList","@id":"https:\/\/agenda.poscosecha.com\/eventos\/vitafoods-europe-barcelona\/#breadcrumb","itemListElement":[{"@type":"ListItem","position":1,"name":"Portada","item":"https:\/\/agenda.poscosecha.com\/"},{"@type":"ListItem","position":2,"name":"Eventos","item":"https:\/\/agenda.poscosecha.com\/eventos\/"},{"@type":"ListItem","position":3,"name":"Vitafoods Europe &#8211; 2025"}]},{"@type":"WebSite","@id":"https:\/\/agenda.poscosecha.com\/#website","url":"https:\/\/agenda.poscosecha.com\/","name":"Agenda de Eventos","description":"Conectando comunidades poscosecha globales","publisher":{"@id":"https:\/\/agenda.poscosecha.com\/#organization"},"potentialAction":[{"@type":"SearchAction","target":{"@type":"EntryPoint","urlTemplate":"https:\/\/agenda.poscosecha.com\/?s={search_term_string}"},"query-input":{"@type":"PropertyValueSpecification","valueRequired":true,"valueName":"search_term_string"}}],"inLanguage":"en-GB"},{"@type":"Organization","@id":"https:\/\/agenda.poscosecha.com\/#organization","name":"Agenda de Eventos","url":"https:\/\/agenda.poscosecha.com\/","logo":{"@type":"ImageObject","inLanguage":"en-GB","@id":"https:\/\/agenda.poscosecha.com\/#\/schema\/logo\/image\/","url":"https:\/\/agenda.poscosecha.com\/wp-content\/uploads\/2023\/06\/cropped-Agenda-logo-vs-1.png","contentUrl":"https:\/\/agenda.poscosecha.com\/wp-content\/uploads\/2023\/06\/cropped-Agenda-logo-vs-1.png","width":512,"height":512,"caption":"Agenda de Eventos"},"image":{"@id":"https:\/\/agenda.poscosecha.com\/#\/schema\/logo\/image\/"},"sameAs":["https:\/\/www.facebook.com\/Poscosecha.Postharvest\/","https:\/\/x.com\/poscosecha","https:\/\/www.linkedin.com\/company\/poscosecha.com\/"]}]}},"_links":{"self":[{"href":"https:\/\/agenda.poscosecha.com\/en\/wp-json\/wp\/v2\/mec-events\/4693","targetHints":{"allow":["GET"]}}],"collection":[{"href":"https:\/\/agenda.poscosecha.com\/en\/wp-json\/wp\/v2\/mec-events"}],"about":[{"href":"https:\/\/agenda.poscosecha.com\/en\/wp-json\/wp\/v2\/types\/mec-events"}],"author":[{"embeddable":true,"href":"https:\/\/agenda.poscosecha.com\/en\/wp-json\/wp\/v2\/users\/25"}],"wp:featuredmedia":[{"embeddable":true,"href":"https:\/\/agenda.poscosecha.com\/en\/wp-json\/wp\/v2\/media\/6928"}],"wp:attachment":[{"href":"https:\/\/agenda.poscosecha.com\/en\/wp-json\/wp\/v2\/media?parent=4693"}],"wp:term":[{"taxonomy":"post_tag","embeddable":true,"href":"https:\/\/agenda.poscosecha.com\/en\/wp-json\/wp\/v2\/tags?post=4693"},{"taxonomy":"mec_category","embeddable":true,"href":"https:\/\/agenda.poscosecha.com\/en\/wp-json\/wp\/v2\/mec_category?post=4693"}],"curies":[{"name":"wp","href":"https:\/\/api.w.org\/{rel}","templated":true}]}}

<h2 style="text-align: center;">En 5 &#8211; 7, Mayo 2026</h2>
<p><a href="https://www.vitafoods.eu.com/en/attend/vfe/why-attend.html?utm_source=google&amp;utm_medium=paid-search&amp;utm_campaign=hln26vfe-tag-delprom&amp;utm_content=europe-spanish&amp;gad_source=1" target="_blank" rel="noopener"><strong>Ver evento 2026, AQUÍ</strong></a></p>
<h3 style="text-align: center;">Fira de Barcelona acogerá Vitafoods Europe, el salón líder a de la industria nutricéutica</h3>
<p>Vitafoods Europe, el salón líder mundial de la industria nutricéutica se celebrará en el recinto ferial de Gran Via a partir de la primavera de 2026. El evento, que reúne anualmente a más de 1.000 empresas y 22.000 visitantes de más de 160 países, ha elegido Barcelona para impulsar su crecimiento y reforzará así el posicionamiento de Fira de Barcelona como referente internacional del sector alimentario, junto con salones como Alimentaria o Seafood, entre otros.</p>
<p>Vitafoods Europe se trasladará a Barcelona desde Ginebra que ha sido su sede desde 1998. El salón celebrará su última edición en la ciudad suiza el próximo mes de mayo de 2024 y llegará a Barcelona en 2025 donde ocupará 80.000 m² del recinto de Gran Via con el objetivo de seguir creciendo en la ciudad durante los siguientes años como líder mundial del sector nutricéutico, de complementos nutricionales saludables de origen natural.</p>
<p>Fira Barcelona Gran Via, Av. Joan Carles I, 64, 08908 L&#8217;Hospitalet de Llobregat, Barcelona, Spain</p>

<p>Fira de Barcelona acogerá Vitafoods Europe, el salón líder a de la industria nutricéutica</p>

<!-- This site is optimized with the Yoast SEO plugin v27.4 - https://yoast.com/product/yoast-seo-wordpress/ -->
<title>Vita Foods Europe-Ferias-AGENDA Poscosecha</title>
<meta name="description" content="Fira de Barcelona acogerá Vitafoods Europe, el salón líder a de la industria nutricéutica se celebrará en el recinto de Gran Via en 2026" />
<meta name="robots" content="index, follow, max-snippet:-1, max-image-preview:large, max-video-preview:-1" />
<link rel="canonical" href="https://agenda.poscosecha.com/en/eventos/vitafoods-europe-barcelona/" />
<meta property="og:locale" content="en_GB" />
<meta property="og:type" content="article" />
<meta property="og:title" content="Vita Foods Europe-Ferias-AGENDA Poscosecha" />
<meta property="og:description" content="Fira de Barcelona acogerá Vitafoods Europe, el salón líder a de la industria nutricéutica se celebrará en el recinto de Gran Via en 2026" />
<meta property="og:url" content="https://agenda.poscosecha.com/en/eventos/vitafoods-europe-barcelona/" />
<meta property="og:site_name" content="AGENDA" />
<meta property="article:publisher" content="https://www.facebook.com/Poscosecha.Postharvest/" />
<meta property="article:modified_time" content="2026-01-17T16:20:40+00:00" />
<meta property="og:image" content="https://agenda.poscosecha.com/wp-content/uploads/2023/10/VitaFoods-EU.jpg" />
	<meta property="og:image:width" content="663" />
	<meta property="og:image:height" content="373" />
	<meta property="og:image:type" content="image/jpeg" />
<meta name="twitter:card" content="summary_large_image" />
<meta name="twitter:site" content="@poscosecha" />
<meta name="twitter:label1" content="Estimated reading time" />
	<meta name="twitter:data1" content="2 minutes" />
<script type="application/ld+json" class="yoast-schema-graph">{"@context":"https:\/\/schema.org","@graph":[{"@type":"WebPage","@id":"https:\/\/agenda.poscosecha.com\/eventos\/vitafoods-europe-barcelona\/","url":"https:\/\/agenda.poscosecha.com\/eventos\/vitafoods-europe-barcelona\/","name":"Vita Foods Europe-Ferias-AGENDA Poscosecha","isPartOf":{"@id":"https:\/\/agenda.poscosecha.com\/#website"},"primaryImageOfPage":{"@id":"https:\/\/agenda.poscosecha.com\/eventos\/vitafoods-europe-barcelona\/#primaryimage"},"image":{"@id":"https:\/\/agenda.poscosecha.com\/eventos\/vitafoods-europe-barcelona\/#primaryimage"},"thumbnailUrl":"https:\/\/agenda.poscosecha.com\/wp-content\/uploads\/2023\/10\/VitaFoods-EU.jpg","datePublished":"2023-10-08T12:19:45+00:00","dateModified":"2026-01-17T16:20:40+00:00","description":"Fira de Barcelona acogerá Vitafoods Europe, el salón líder a de la industria nutricéutica se celebrará en el recinto de Gran Via en 2026","breadcrumb":{"@id":"https:\/\/agenda.poscosecha.com\/eventos\/vitafoods-europe-barcelona\/#breadcrumb"},"inLanguage":"en-GB","potentialAction":[{"@type":"ReadAction","target":["https:\/\/agenda.poscosecha.com\/eventos\/vitafoods-europe-barcelona\/"]}]},{"@type":"ImageObject","inLanguage":"en-GB","@id":"https:\/\/agenda.poscosecha.com\/eventos\/vitafoods-europe-barcelona\/#primaryimage","url":"https:\/\/agenda.poscosecha.com\/wp-content\/uploads\/2023\/10\/VitaFoods-EU.jpg","contentUrl":"https:\/\/agenda.poscosecha.com\/wp-content\/uploads\/2023\/10\/VitaFoods-EU.jpg","width":663,"height":373},{"@type":"BreadcrumbList","@id":"https:\/\/agenda.poscosecha.com\/eventos\/vitafoods-europe-barcelona\/#breadcrumb","itemListElement":[{"@type":"ListItem","position":1,"name":"Portada","item":"https:\/\/agenda.poscosecha.com\/"},{"@type":"ListItem","position":2,"name":"Eventos","item":"https:\/\/agenda.poscosecha.com\/eventos\/"},{"@type":"ListItem","position":3,"name":"Vitafoods Europe &#8211; 2025"}]},{"@type":"WebSite","@id":"https:\/\/agenda.poscosecha.com\/#website","url":"https:\/\/agenda.poscosecha.com\/","name":"Agenda de Eventos","description":"Conectando comunidades poscosecha globales","publisher":{"@id":"https:\/\/agenda.poscosecha.com\/#organization"},"potentialAction":[{"@type":"SearchAction","target":{"@type":"EntryPoint","urlTemplate":"https:\/\/agenda.poscosecha.com\/?s={search_term_string}"},"query-input":{"@type":"PropertyValueSpecification","valueRequired":true,"valueName":"search_term_string"}}],"inLanguage":"en-GB"},{"@type":"Organization","@id":"https:\/\/agenda.poscosecha.com\/#organization","name":"Agenda de Eventos","url":"https:\/\/agenda.poscosecha.com\/","logo":{"@type":"ImageObject","inLanguage":"en-GB","@id":"https:\/\/agenda.poscosecha.com\/#\/schema\/logo\/image\/","url":"https:\/\/agenda.poscosecha.com\/wp-content\/uploads\/2023\/06\/cropped-Agenda-logo-vs-1.png","contentUrl":"https:\/\/agenda.poscosecha.com\/wp-content\/uploads\/2023\/06\/cropped-Agenda-logo-vs-1.png","width":512,"height":512,"caption":"Agenda de Eventos"},"image":{"@id":"https:\/\/agenda.poscosecha.com\/#\/schema\/logo\/image\/"},"sameAs":["https:\/\/www.facebook.com\/Poscosecha.Postharvest\/","https:\/\/x.com\/poscosecha","https:\/\/www.linkedin.com\/company\/poscosecha.com\/"]}]}</script>
<!-- / Yoast SEO plugin. -->

Fira de Barcelona acogerá Vitafoods Europe, el salón líder a de la industria nutricéutica se celebrará en el recinto de Gran Via en 2026
