{"id":3010,"date":"2023-05-01T09:50:41","date_gmt":"2023-05-01T09:50:41","guid":{"rendered":"https:\/\/agenda.poscosecha.com\/events\/medfel-perpignan-2023\/"},"modified":"2025-04-07T17:09:10","modified_gmt":"2025-04-07T15:09:10","slug":"medfel-perpignan","status":"publish","type":"mec-events","link":"https:\/\/agenda.poscosecha.com\/en\/eventos\/medfel-perpignan\/","title":{"rendered":"MedFel &#8211; Perpignan &#8211; 2025"},"content":{"rendered":"<p>El espect\u00e1culo Medfel vuelve al presencial los d\u00edas 23 y 24 de abril de 2025, en el Parc des Expositions de Perpi\u00f1\u00e1n.<br \/>\n\u00a1 2 d\u00edas de exposiciones y conferencias que reunir\u00e1n a profesionales del mercado hortofrut\u00edcola franc\u00e9s, regional y nacional. El sector de las frutas y hortalizas se re\u00fane en Occitanie en medFEL, un verdadero lugar de intercambio y encuentro entre los profesionales de la industria hort\u00edcola.<\/p>\n<p>\u00bfLa misi\u00f3n de medFEL? Reunir a todos los actores del sector de las frutas y hortalizas con 200 expositores durante 2 d\u00edas de ferias y conferencias en torno a las tendencias de consumo y sobre temas de actualidad. MedFel permite presentar, descubrir productos y servicios relacionados con los\u00a0 temas esenciales de la hortofruticultura: abastecimiento local, calidad, etiquetas que preservan la salud y el medio ambiente, nuevos envases, laboratorios que certifican la calidad de los productos, eco-log\u00edstica, etc<\/p>","protected":false},"excerpt":{"rendered":"<p>Parc des Expositions de Perpi\u00f1\u00e1n. Econom\u00eda, comercio, previsiones europeas de cosechas hortofrut\u00edcolas de verano<\/p>","protected":false},"author":1,"featured_media":1431,"template":"","tags":[],"mec_category":[20,19],"class_list":["post-3010","mec-events","type-mec-events","status-publish","has-post-thumbnail","hentry","mec_category-congresos-forums-jornadas","mec_category-ferias"],"yoast_head":"<!-- This site is optimized with the Yoast SEO plugin v27.5 - https:\/\/yoast.com\/product\/yoast-seo-wordpress\/ -->\n<title>MEDFEL-Ferias-AGENDA Poscosecha<\/title>\n<meta name=\"description\" content=\"Econom\u00eda, comercio, previsiones europeas de cosechas de verano,. MEDFEL es la feria 100% comprometida con la hortofruticultura\" \/>\n<meta name=\"robots\" content=\"index, follow, max-snippet:-1, max-image-preview:large, max-video-preview:-1\" \/>\n<link rel=\"canonical\" href=\"https:\/\/agenda.poscosecha.com\/en\/eventos\/medfel-perpignan\/\" \/>\n<meta property=\"og:locale\" content=\"en_GB\" \/>\n<meta property=\"og:type\" content=\"article\" \/>\n<meta property=\"og:title\" content=\"MEDFEL-Ferias-AGENDA Poscosecha\" \/>\n<meta property=\"og:description\" content=\"Econom\u00eda, comercio, previsiones europeas de cosechas de verano,. MEDFEL es la feria 100% comprometida con la hortofruticultura\" \/>\n<meta property=\"og:url\" content=\"https:\/\/agenda.poscosecha.com\/en\/eventos\/medfel-perpignan\/\" \/>\n<meta property=\"og:site_name\" content=\"AGENDA\" \/>\n<meta property=\"article:publisher\" content=\"https:\/\/www.facebook.com\/Poscosecha.Postharvest\/\" \/>\n<meta property=\"article:modified_time\" content=\"2025-04-07T15:09:10+00:00\" \/>\n<meta property=\"og:image\" content=\"https:\/\/agenda.poscosecha.com\/wp-content\/uploads\/2023\/04\/medfel-MB-C-PCJwtQ.tmp_.jpg\" \/>\n\t<meta property=\"og:image:width\" content=\"480\" \/>\n\t<meta property=\"og:image:height\" content=\"270\" \/>\n\t<meta property=\"og:image:type\" content=\"image\/jpeg\" \/>\n<meta name=\"twitter:card\" content=\"summary_large_image\" \/>\n<meta name=\"twitter:site\" content=\"@poscosecha\" \/>\n<meta name=\"twitter:label1\" content=\"Estimated reading time\" \/>\n\t<meta name=\"twitter:data1\" content=\"1 minute\" \/>\n<script type=\"application\/ld+json\" class=\"yoast-schema-graph\">{\"@context\":\"https:\\\/\\\/schema.org\",\"@graph\":[{\"@type\":\"WebPage\",\"@id\":\"https:\\\/\\\/agenda.poscosecha.com\\\/eventos\\\/medfel-perpignan\\\/\",\"url\":\"https:\\\/\\\/agenda.poscosecha.com\\\/eventos\\\/medfel-perpignan\\\/\",\"name\":\"MEDFEL-Ferias-AGENDA Poscosecha\",\"isPartOf\":{\"@id\":\"https:\\\/\\\/agenda.poscosecha.com\\\/#website\"},\"primaryImageOfPage\":{\"@id\":\"https:\\\/\\\/agenda.poscosecha.com\\\/eventos\\\/medfel-perpignan\\\/#primaryimage\"},\"image\":{\"@id\":\"https:\\\/\\\/agenda.poscosecha.com\\\/eventos\\\/medfel-perpignan\\\/#primaryimage\"},\"thumbnailUrl\":\"https:\\\/\\\/agenda.poscosecha.com\\\/wp-content\\\/uploads\\\/2023\\\/04\\\/medfel-MB-C-PCJwtQ.tmp_.jpg\",\"datePublished\":\"2023-05-01T09:50:41+00:00\",\"dateModified\":\"2025-04-07T15:09:10+00:00\",\"description\":\"Econom\u00eda, comercio, previsiones europeas de cosechas de verano,. MEDFEL es la feria 100% comprometida con la hortofruticultura\",\"breadcrumb\":{\"@id\":\"https:\\\/\\\/agenda.poscosecha.com\\\/eventos\\\/medfel-perpignan\\\/#breadcrumb\"},\"inLanguage\":\"en-GB\",\"potentialAction\":[{\"@type\":\"ReadAction\",\"target\":[\"https:\\\/\\\/agenda.poscosecha.com\\\/eventos\\\/medfel-perpignan\\\/\"]}]},{\"@type\":\"ImageObject\",\"inLanguage\":\"en-GB\",\"@id\":\"https:\\\/\\\/agenda.poscosecha.com\\\/eventos\\\/medfel-perpignan\\\/#primaryimage\",\"url\":\"https:\\\/\\\/agenda.poscosecha.com\\\/wp-content\\\/uploads\\\/2023\\\/04\\\/medfel-MB-C-PCJwtQ.tmp_.jpg\",\"contentUrl\":\"https:\\\/\\\/agenda.poscosecha.com\\\/wp-content\\\/uploads\\\/2023\\\/04\\\/medfel-MB-C-PCJwtQ.tmp_.jpg\",\"width\":480,\"height\":270},{\"@type\":\"BreadcrumbList\",\"@id\":\"https:\\\/\\\/agenda.poscosecha.com\\\/eventos\\\/medfel-perpignan\\\/#breadcrumb\",\"itemListElement\":[{\"@type\":\"ListItem\",\"position\":1,\"name\":\"Portada\",\"item\":\"https:\\\/\\\/agenda.poscosecha.com\\\/\"},{\"@type\":\"ListItem\",\"position\":2,\"name\":\"Eventos\",\"item\":\"https:\\\/\\\/agenda.poscosecha.com\\\/eventos\\\/\"},{\"@type\":\"ListItem\",\"position\":3,\"name\":\"MedFel &#8211; Perpignan &#8211; 2025\"}]},{\"@type\":\"WebSite\",\"@id\":\"https:\\\/\\\/agenda.poscosecha.com\\\/#website\",\"url\":\"https:\\\/\\\/agenda.poscosecha.com\\\/\",\"name\":\"Agenda de Eventos\",\"description\":\"Conectando comunidades poscosecha globales\",\"publisher\":{\"@id\":\"https:\\\/\\\/agenda.poscosecha.com\\\/#organization\"},\"potentialAction\":[{\"@type\":\"SearchAction\",\"target\":{\"@type\":\"EntryPoint\",\"urlTemplate\":\"https:\\\/\\\/agenda.poscosecha.com\\\/?s={search_term_string}\"},\"query-input\":{\"@type\":\"PropertyValueSpecification\",\"valueRequired\":true,\"valueName\":\"search_term_string\"}}],\"inLanguage\":\"en-GB\"},{\"@type\":\"Organization\",\"@id\":\"https:\\\/\\\/agenda.poscosecha.com\\\/#organization\",\"name\":\"Agenda de Eventos\",\"url\":\"https:\\\/\\\/agenda.poscosecha.com\\\/\",\"logo\":{\"@type\":\"ImageObject\",\"inLanguage\":\"en-GB\",\"@id\":\"https:\\\/\\\/agenda.poscosecha.com\\\/#\\\/schema\\\/logo\\\/image\\\/\",\"url\":\"https:\\\/\\\/agenda.poscosecha.com\\\/wp-content\\\/uploads\\\/2023\\\/06\\\/cropped-Agenda-logo-vs-1.png\",\"contentUrl\":\"https:\\\/\\\/agenda.poscosecha.com\\\/wp-content\\\/uploads\\\/2023\\\/06\\\/cropped-Agenda-logo-vs-1.png\",\"width\":512,\"height\":512,\"caption\":\"Agenda de Eventos\"},\"image\":{\"@id\":\"https:\\\/\\\/agenda.poscosecha.com\\\/#\\\/schema\\\/logo\\\/image\\\/\"},\"sameAs\":[\"https:\\\/\\\/www.facebook.com\\\/Poscosecha.Postharvest\\\/\",\"https:\\\/\\\/x.com\\\/poscosecha\",\"https:\\\/\\\/www.linkedin.com\\\/company\\\/poscosecha.com\\\/\"]}]}<\/script>\n<!-- \/ Yoast SEO plugin. -->","yoast_head_json":{"title":"MEDFEL-Ferias-AGENDA Poscosecha","description":"Econom\u00eda, comercio, previsiones europeas de cosechas de verano,. MEDFEL es la feria 100% comprometida con la hortofruticultura","robots":{"index":"index","follow":"follow","max-snippet":"max-snippet:-1","max-image-preview":"max-image-preview:large","max-video-preview":"max-video-preview:-1"},"canonical":"https:\/\/agenda.poscosecha.com\/en\/eventos\/medfel-perpignan\/","og_locale":"en_GB","og_type":"article","og_title":"MEDFEL-Ferias-AGENDA Poscosecha","og_description":"Econom\u00eda, comercio, previsiones europeas de cosechas de verano,. MEDFEL es la feria 100% comprometida con la hortofruticultura","og_url":"https:\/\/agenda.poscosecha.com\/en\/eventos\/medfel-perpignan\/","og_site_name":"AGENDA","article_publisher":"https:\/\/www.facebook.com\/Poscosecha.Postharvest\/","article_modified_time":"2025-04-07T15:09:10+00:00","og_image":[{"width":480,"height":270,"url":"https:\/\/agenda.poscosecha.com\/wp-content\/uploads\/2023\/04\/medfel-MB-C-PCJwtQ.tmp_.jpg","type":"image\/jpeg"}],"twitter_card":"summary_large_image","twitter_site":"@poscosecha","twitter_misc":{"Estimated reading time":"1 minute"},"schema":{"@context":"https:\/\/schema.org","@graph":[{"@type":"WebPage","@id":"https:\/\/agenda.poscosecha.com\/eventos\/medfel-perpignan\/","url":"https:\/\/agenda.poscosecha.com\/eventos\/medfel-perpignan\/","name":"MEDFEL-Ferias-AGENDA Poscosecha","isPartOf":{"@id":"https:\/\/agenda.poscosecha.com\/#website"},"primaryImageOfPage":{"@id":"https:\/\/agenda.poscosecha.com\/eventos\/medfel-perpignan\/#primaryimage"},"image":{"@id":"https:\/\/agenda.poscosecha.com\/eventos\/medfel-perpignan\/#primaryimage"},"thumbnailUrl":"https:\/\/agenda.poscosecha.com\/wp-content\/uploads\/2023\/04\/medfel-MB-C-PCJwtQ.tmp_.jpg","datePublished":"2023-05-01T09:50:41+00:00","dateModified":"2025-04-07T15:09:10+00:00","description":"Econom\u00eda, comercio, previsiones europeas de cosechas de verano,. MEDFEL es la feria 100% comprometida con la hortofruticultura","breadcrumb":{"@id":"https:\/\/agenda.poscosecha.com\/eventos\/medfel-perpignan\/#breadcrumb"},"inLanguage":"en-GB","potentialAction":[{"@type":"ReadAction","target":["https:\/\/agenda.poscosecha.com\/eventos\/medfel-perpignan\/"]}]},{"@type":"ImageObject","inLanguage":"en-GB","@id":"https:\/\/agenda.poscosecha.com\/eventos\/medfel-perpignan\/#primaryimage","url":"https:\/\/agenda.poscosecha.com\/wp-content\/uploads\/2023\/04\/medfel-MB-C-PCJwtQ.tmp_.jpg","contentUrl":"https:\/\/agenda.poscosecha.com\/wp-content\/uploads\/2023\/04\/medfel-MB-C-PCJwtQ.tmp_.jpg","width":480,"height":270},{"@type":"BreadcrumbList","@id":"https:\/\/agenda.poscosecha.com\/eventos\/medfel-perpignan\/#breadcrumb","itemListElement":[{"@type":"ListItem","position":1,"name":"Portada","item":"https:\/\/agenda.poscosecha.com\/"},{"@type":"ListItem","position":2,"name":"Eventos","item":"https:\/\/agenda.poscosecha.com\/eventos\/"},{"@type":"ListItem","position":3,"name":"MedFel &#8211; Perpignan &#8211; 2025"}]},{"@type":"WebSite","@id":"https:\/\/agenda.poscosecha.com\/#website","url":"https:\/\/agenda.poscosecha.com\/","name":"Agenda de Eventos","description":"Conectando comunidades poscosecha globales","publisher":{"@id":"https:\/\/agenda.poscosecha.com\/#organization"},"potentialAction":[{"@type":"SearchAction","target":{"@type":"EntryPoint","urlTemplate":"https:\/\/agenda.poscosecha.com\/?s={search_term_string}"},"query-input":{"@type":"PropertyValueSpecification","valueRequired":true,"valueName":"search_term_string"}}],"inLanguage":"en-GB"},{"@type":"Organization","@id":"https:\/\/agenda.poscosecha.com\/#organization","name":"Agenda de Eventos","url":"https:\/\/agenda.poscosecha.com\/","logo":{"@type":"ImageObject","inLanguage":"en-GB","@id":"https:\/\/agenda.poscosecha.com\/#\/schema\/logo\/image\/","url":"https:\/\/agenda.poscosecha.com\/wp-content\/uploads\/2023\/06\/cropped-Agenda-logo-vs-1.png","contentUrl":"https:\/\/agenda.poscosecha.com\/wp-content\/uploads\/2023\/06\/cropped-Agenda-logo-vs-1.png","width":512,"height":512,"caption":"Agenda de Eventos"},"image":{"@id":"https:\/\/agenda.poscosecha.com\/#\/schema\/logo\/image\/"},"sameAs":["https:\/\/www.facebook.com\/Poscosecha.Postharvest\/","https:\/\/x.com\/poscosecha","https:\/\/www.linkedin.com\/company\/poscosecha.com\/"]}]}},"_links":{"self":[{"href":"https:\/\/agenda.poscosecha.com\/en\/wp-json\/wp\/v2\/mec-events\/3010","targetHints":{"allow":["GET"]}}],"collection":[{"href":"https:\/\/agenda.poscosecha.com\/en\/wp-json\/wp\/v2\/mec-events"}],"about":[{"href":"https:\/\/agenda.poscosecha.com\/en\/wp-json\/wp\/v2\/types\/mec-events"}],"author":[{"embeddable":true,"href":"https:\/\/agenda.poscosecha.com\/en\/wp-json\/wp\/v2\/users\/1"}],"wp:featuredmedia":[{"embeddable":true,"href":"https:\/\/agenda.poscosecha.com\/en\/wp-json\/wp\/v2\/media\/1431"}],"wp:attachment":[{"href":"https:\/\/agenda.poscosecha.com\/en\/wp-json\/wp\/v2\/media?parent=3010"}],"wp:term":[{"taxonomy":"post_tag","embeddable":true,"href":"https:\/\/agenda.poscosecha.com\/en\/wp-json\/wp\/v2\/tags?post=3010"},{"taxonomy":"mec_category","embeddable":true,"href":"https:\/\/agenda.poscosecha.com\/en\/wp-json\/wp\/v2\/mec_category?post=3010"}],"curies":[{"name":"wp","href":"https:\/\/api.w.org\/{rel}","templated":true}]}}

<p>El espectáculo Medfel vuelve al presencial los días 23 y 24 de abril de 2025, en el Parc des Expositions de Perpiñán.<br />
¡ 2 días de exposiciones y conferencias que reunirán a profesionales del mercado hortofrutícola francés, regional y nacional. El sector de las frutas y hortalizas se reúne en Occitanie en medFEL, un verdadero lugar de intercambio y encuentro entre los profesionales de la industria hortícola.</p>
<p>¿La misión de medFEL? Reunir a todos los actores del sector de las frutas y hortalizas con 200 expositores durante 2 días de ferias y conferencias en torno a las tendencias de consumo y sobre temas de actualidad. MedFel permite presentar, descubrir productos y servicios relacionados con los  temas esenciales de la hortofruticultura: abastecimiento local, calidad, etiquetas que preservan la salud y el medio ambiente, nuevos envases, laboratorios que certifican la calidad de los productos, eco-logística, etc</p>

<p>Parc des Expositions de Perpiñán. Economía, comercio, previsiones europeas de cosechas hortofrutícolas de verano</p>

<!-- This site is optimized with the Yoast SEO plugin v27.5 - https://yoast.com/product/yoast-seo-wordpress/ -->
<title>MEDFEL-Ferias-AGENDA Poscosecha</title>
<meta name="description" content="Economía, comercio, previsiones europeas de cosechas de verano,. MEDFEL es la feria 100% comprometida con la hortofruticultura" />
<meta name="robots" content="index, follow, max-snippet:-1, max-image-preview:large, max-video-preview:-1" />
<link rel="canonical" href="https://agenda.poscosecha.com/en/eventos/medfel-perpignan/" />
<meta property="og:locale" content="en_GB" />
<meta property="og:type" content="article" />
<meta property="og:title" content="MEDFEL-Ferias-AGENDA Poscosecha" />
<meta property="og:description" content="Economía, comercio, previsiones europeas de cosechas de verano,. MEDFEL es la feria 100% comprometida con la hortofruticultura" />
<meta property="og:url" content="https://agenda.poscosecha.com/en/eventos/medfel-perpignan/" />
<meta property="og:site_name" content="AGENDA" />
<meta property="article:publisher" content="https://www.facebook.com/Poscosecha.Postharvest/" />
<meta property="article:modified_time" content="2025-04-07T15:09:10+00:00" />
<meta property="og:image" content="https://agenda.poscosecha.com/wp-content/uploads/2023/04/medfel-MB-C-PCJwtQ.tmp_.jpg" />
	<meta property="og:image:width" content="480" />
	<meta property="og:image:height" content="270" />
	<meta property="og:image:type" content="image/jpeg" />
<meta name="twitter:card" content="summary_large_image" />
<meta name="twitter:site" content="@poscosecha" />
<meta name="twitter:label1" content="Estimated reading time" />
	<meta name="twitter:data1" content="1 minute" />
<script type="application/ld+json" class="yoast-schema-graph">{"@context":"https:\/\/schema.org","@graph":[{"@type":"WebPage","@id":"https:\/\/agenda.poscosecha.com\/eventos\/medfel-perpignan\/","url":"https:\/\/agenda.poscosecha.com\/eventos\/medfel-perpignan\/","name":"MEDFEL-Ferias-AGENDA Poscosecha","isPartOf":{"@id":"https:\/\/agenda.poscosecha.com\/#website"},"primaryImageOfPage":{"@id":"https:\/\/agenda.poscosecha.com\/eventos\/medfel-perpignan\/#primaryimage"},"image":{"@id":"https:\/\/agenda.poscosecha.com\/eventos\/medfel-perpignan\/#primaryimage"},"thumbnailUrl":"https:\/\/agenda.poscosecha.com\/wp-content\/uploads\/2023\/04\/medfel-MB-C-PCJwtQ.tmp_.jpg","datePublished":"2023-05-01T09:50:41+00:00","dateModified":"2025-04-07T15:09:10+00:00","description":"Economía, comercio, previsiones europeas de cosechas de verano,. MEDFEL es la feria 100% comprometida con la hortofruticultura","breadcrumb":{"@id":"https:\/\/agenda.poscosecha.com\/eventos\/medfel-perpignan\/#breadcrumb"},"inLanguage":"en-GB","potentialAction":[{"@type":"ReadAction","target":["https:\/\/agenda.poscosecha.com\/eventos\/medfel-perpignan\/"]}]},{"@type":"ImageObject","inLanguage":"en-GB","@id":"https:\/\/agenda.poscosecha.com\/eventos\/medfel-perpignan\/#primaryimage","url":"https:\/\/agenda.poscosecha.com\/wp-content\/uploads\/2023\/04\/medfel-MB-C-PCJwtQ.tmp_.jpg","contentUrl":"https:\/\/agenda.poscosecha.com\/wp-content\/uploads\/2023\/04\/medfel-MB-C-PCJwtQ.tmp_.jpg","width":480,"height":270},{"@type":"BreadcrumbList","@id":"https:\/\/agenda.poscosecha.com\/eventos\/medfel-perpignan\/#breadcrumb","itemListElement":[{"@type":"ListItem","position":1,"name":"Portada","item":"https:\/\/agenda.poscosecha.com\/"},{"@type":"ListItem","position":2,"name":"Eventos","item":"https:\/\/agenda.poscosecha.com\/eventos\/"},{"@type":"ListItem","position":3,"name":"MedFel &#8211; Perpignan &#8211; 2025"}]},{"@type":"WebSite","@id":"https:\/\/agenda.poscosecha.com\/#website","url":"https:\/\/agenda.poscosecha.com\/","name":"Agenda de Eventos","description":"Conectando comunidades poscosecha globales","publisher":{"@id":"https:\/\/agenda.poscosecha.com\/#organization"},"potentialAction":[{"@type":"SearchAction","target":{"@type":"EntryPoint","urlTemplate":"https:\/\/agenda.poscosecha.com\/?s={search_term_string}"},"query-input":{"@type":"PropertyValueSpecification","valueRequired":true,"valueName":"search_term_string"}}],"inLanguage":"en-GB"},{"@type":"Organization","@id":"https:\/\/agenda.poscosecha.com\/#organization","name":"Agenda de Eventos","url":"https:\/\/agenda.poscosecha.com\/","logo":{"@type":"ImageObject","inLanguage":"en-GB","@id":"https:\/\/agenda.poscosecha.com\/#\/schema\/logo\/image\/","url":"https:\/\/agenda.poscosecha.com\/wp-content\/uploads\/2023\/06\/cropped-Agenda-logo-vs-1.png","contentUrl":"https:\/\/agenda.poscosecha.com\/wp-content\/uploads\/2023\/06\/cropped-Agenda-logo-vs-1.png","width":512,"height":512,"caption":"Agenda de Eventos"},"image":{"@id":"https:\/\/agenda.poscosecha.com\/#\/schema\/logo\/image\/"},"sameAs":["https:\/\/www.facebook.com\/Poscosecha.Postharvest\/","https:\/\/x.com\/poscosecha","https:\/\/www.linkedin.com\/company\/poscosecha.com\/"]}]}</script>
<!-- / Yoast SEO plugin. -->

Economía, comercio, previsiones europeas de cosechas de verano,. MEDFEL es la feria 100% comprometida con la hortofruticultura
