{"id":2972,"date":"2023-05-01T09:50:20","date_gmt":"2023-05-01T09:50:20","guid":{"rendered":"https:\/\/agenda.poscosecha.com\/events\/agroexpo\/"},"modified":"2026-01-04T13:45:45","modified_gmt":"2026-01-04T12:45:45","slug":"agroexpo-extremadura","status":"publish","type":"mec-events","link":"https:\/\/agenda.poscosecha.com\/en\/eventos\/agroexpo-extremadura\/","title":{"rendered":"Agroexpo en Don Benito, Extremadura"},"content":{"rendered":"<p>AGROEXPO 2026 ser\u00e1, una vez m\u00e1s un certamen de car\u00e1cter internacional dedicado a la agricultura que destaca por su amplio programa de jornadas t\u00e9cnicas, en las que se impartir\u00e1n charlas y ponencias de gran inter\u00e9s para el sector primario y su industria asociada. Se trata de uno de los cert\u00e1menes agr\u00edcolas de referencia para el sector.<\/p>\n<p>Agroexpo se erige como la plataforma promocional, profesional y comercial por excelencia, para el mercado ib\u00e9rico, dado el alto grado de estimaci\u00f3n con el que cuenta en el sector y su inmejorable ubicaci\u00f3n, como puente hacia el mercado de Portugal.<\/p>\n<p>Desde FEVAL Instituci\u00f3n Ferial de Extremadura continuamos trabajando para que la 37 edici\u00f3n de Agroexpo responda a los retos de futuro de un sector en constante evoluci\u00f3n, que sirva nuevamente de escenario de encuentros profesionales y que sea un espacio que contribuya a sumar sinergias y a generar negocio.<\/p>\n<p><iframe loading=\"lazy\" title=\"AGROEXPO 2023 - Presentaci\u00f3n\" width=\"1080\" height=\"608\" src=\"https:\/\/www.youtube.com\/embed\/AhU5ErC_gkg?feature=oembed&#038;enablejsapi=1&#038;origin=https:\/\/agenda.poscosecha.com\"  allow=\"accelerometer; autoplay; clipboard-write; encrypted-media; gyroscope; picture-in-picture; web-share\" referrerpolicy=\"strict-origin-when-cross-origin\" allowfullscreen><\/iframe><\/p>\n<p>&nbsp;<\/p>","protected":false},"excerpt":{"rendered":"<p>Feria Internacional de agricultura organizada por FEVAL en Extremadura<\/p>","protected":false},"author":1,"featured_media":6909,"template":"","tags":[],"mec_category":[19,26],"class_list":["post-2972","mec-events","type-mec-events","status-publish","has-post-thumbnail","hentry","mec_category-ferias","mec_category-interesantes"],"yoast_head":"<!-- This site is optimized with the Yoast SEO plugin v27.4 - https:\/\/yoast.com\/product\/yoast-seo-wordpress\/ -->\n<title>Agroexpo en Extremadura-Ferias-AGENDA Poscosecha<\/title>\n<meta name=\"description\" content=\"Un certamen de car\u00e1cter internacional dedicado a la agricultura en Extremadura que destaca por su amplio programa de jornadas t\u00e9cnicas\" \/>\n<meta name=\"robots\" content=\"index, follow, max-snippet:-1, max-image-preview:large, max-video-preview:-1\" \/>\n<link rel=\"canonical\" href=\"https:\/\/agenda.poscosecha.com\/en\/eventos\/agroexpo-extremadura\/\" \/>\n<meta property=\"og:locale\" content=\"en_GB\" \/>\n<meta property=\"og:type\" content=\"article\" \/>\n<meta property=\"og:title\" content=\"Agroexpo en Extremadura-Ferias-AGENDA Poscosecha\" \/>\n<meta property=\"og:description\" content=\"Un certamen de car\u00e1cter internacional dedicado a la agricultura en Extremadura que destaca por su amplio programa de jornadas t\u00e9cnicas\" \/>\n<meta property=\"og:url\" content=\"https:\/\/agenda.poscosecha.com\/en\/eventos\/agroexpo-extremadura\/\" \/>\n<meta property=\"og:site_name\" content=\"AGENDA\" \/>\n<meta property=\"article:publisher\" content=\"https:\/\/www.facebook.com\/Poscosecha.Postharvest\/\" \/>\n<meta property=\"article:modified_time\" content=\"2026-01-04T12:45:45+00:00\" \/>\n<meta property=\"og:image\" content=\"https:\/\/agenda.poscosecha.com\/wp-content\/uploads\/2023\/05\/Agroexpo-26.jpg\" \/>\n\t<meta property=\"og:image:width\" content=\"901\" \/>\n\t<meta property=\"og:image:height\" content=\"507\" \/>\n\t<meta property=\"og:image:type\" content=\"image\/jpeg\" \/>\n<meta name=\"twitter:card\" content=\"summary_large_image\" \/>\n<meta name=\"twitter:site\" content=\"@poscosecha\" \/>\n<meta name=\"twitter:label1\" content=\"Estimated reading time\" \/>\n\t<meta name=\"twitter:data1\" content=\"1 minute\" \/>\n<script type=\"application\/ld+json\" class=\"yoast-schema-graph\">{\"@context\":\"https:\\\/\\\/schema.org\",\"@graph\":[{\"@type\":\"WebPage\",\"@id\":\"https:\\\/\\\/agenda.poscosecha.com\\\/eventos\\\/agroexpo-extremadura\\\/\",\"url\":\"https:\\\/\\\/agenda.poscosecha.com\\\/eventos\\\/agroexpo-extremadura\\\/\",\"name\":\"Agroexpo en Extremadura-Ferias-AGENDA Poscosecha\",\"isPartOf\":{\"@id\":\"https:\\\/\\\/agenda.poscosecha.com\\\/#website\"},\"primaryImageOfPage\":{\"@id\":\"https:\\\/\\\/agenda.poscosecha.com\\\/eventos\\\/agroexpo-extremadura\\\/#primaryimage\"},\"image\":{\"@id\":\"https:\\\/\\\/agenda.poscosecha.com\\\/eventos\\\/agroexpo-extremadura\\\/#primaryimage\"},\"thumbnailUrl\":\"https:\\\/\\\/agenda.poscosecha.com\\\/wp-content\\\/uploads\\\/2023\\\/05\\\/Agroexpo-26.jpg\",\"datePublished\":\"2023-05-01T09:50:20+00:00\",\"dateModified\":\"2026-01-04T12:45:45+00:00\",\"description\":\"Un certamen de car\u00e1cter internacional dedicado a la agricultura en Extremadura que destaca por su amplio programa de jornadas t\u00e9cnicas\",\"breadcrumb\":{\"@id\":\"https:\\\/\\\/agenda.poscosecha.com\\\/eventos\\\/agroexpo-extremadura\\\/#breadcrumb\"},\"inLanguage\":\"en-GB\",\"potentialAction\":[{\"@type\":\"ReadAction\",\"target\":[\"https:\\\/\\\/agenda.poscosecha.com\\\/eventos\\\/agroexpo-extremadura\\\/\"]}]},{\"@type\":\"ImageObject\",\"inLanguage\":\"en-GB\",\"@id\":\"https:\\\/\\\/agenda.poscosecha.com\\\/eventos\\\/agroexpo-extremadura\\\/#primaryimage\",\"url\":\"https:\\\/\\\/agenda.poscosecha.com\\\/wp-content\\\/uploads\\\/2023\\\/05\\\/Agroexpo-26.jpg\",\"contentUrl\":\"https:\\\/\\\/agenda.poscosecha.com\\\/wp-content\\\/uploads\\\/2023\\\/05\\\/Agroexpo-26.jpg\",\"width\":901,\"height\":507},{\"@type\":\"BreadcrumbList\",\"@id\":\"https:\\\/\\\/agenda.poscosecha.com\\\/eventos\\\/agroexpo-extremadura\\\/#breadcrumb\",\"itemListElement\":[{\"@type\":\"ListItem\",\"position\":1,\"name\":\"Portada\",\"item\":\"https:\\\/\\\/agenda.poscosecha.com\\\/\"},{\"@type\":\"ListItem\",\"position\":2,\"name\":\"Eventos\",\"item\":\"https:\\\/\\\/agenda.poscosecha.com\\\/eventos\\\/\"},{\"@type\":\"ListItem\",\"position\":3,\"name\":\"Agroexpo en Don Benito, Extremadura\"}]},{\"@type\":\"WebSite\",\"@id\":\"https:\\\/\\\/agenda.poscosecha.com\\\/#website\",\"url\":\"https:\\\/\\\/agenda.poscosecha.com\\\/\",\"name\":\"Agenda de Eventos\",\"description\":\"Conectando comunidades poscosecha globales\",\"publisher\":{\"@id\":\"https:\\\/\\\/agenda.poscosecha.com\\\/#organization\"},\"potentialAction\":[{\"@type\":\"SearchAction\",\"target\":{\"@type\":\"EntryPoint\",\"urlTemplate\":\"https:\\\/\\\/agenda.poscosecha.com\\\/?s={search_term_string}\"},\"query-input\":{\"@type\":\"PropertyValueSpecification\",\"valueRequired\":true,\"valueName\":\"search_term_string\"}}],\"inLanguage\":\"en-GB\"},{\"@type\":\"Organization\",\"@id\":\"https:\\\/\\\/agenda.poscosecha.com\\\/#organization\",\"name\":\"Agenda de Eventos\",\"url\":\"https:\\\/\\\/agenda.poscosecha.com\\\/\",\"logo\":{\"@type\":\"ImageObject\",\"inLanguage\":\"en-GB\",\"@id\":\"https:\\\/\\\/agenda.poscosecha.com\\\/#\\\/schema\\\/logo\\\/image\\\/\",\"url\":\"https:\\\/\\\/agenda.poscosecha.com\\\/wp-content\\\/uploads\\\/2023\\\/06\\\/cropped-Agenda-logo-vs-1.png\",\"contentUrl\":\"https:\\\/\\\/agenda.poscosecha.com\\\/wp-content\\\/uploads\\\/2023\\\/06\\\/cropped-Agenda-logo-vs-1.png\",\"width\":512,\"height\":512,\"caption\":\"Agenda de Eventos\"},\"image\":{\"@id\":\"https:\\\/\\\/agenda.poscosecha.com\\\/#\\\/schema\\\/logo\\\/image\\\/\"},\"sameAs\":[\"https:\\\/\\\/www.facebook.com\\\/Poscosecha.Postharvest\\\/\",\"https:\\\/\\\/x.com\\\/poscosecha\",\"https:\\\/\\\/www.linkedin.com\\\/company\\\/poscosecha.com\\\/\"]}]}<\/script>\n<!-- \/ Yoast SEO plugin. -->","yoast_head_json":{"title":"Agroexpo en Extremadura-Ferias-AGENDA Poscosecha","description":"Un certamen de car\u00e1cter internacional dedicado a la agricultura en Extremadura que destaca por su amplio programa de jornadas t\u00e9cnicas","robots":{"index":"index","follow":"follow","max-snippet":"max-snippet:-1","max-image-preview":"max-image-preview:large","max-video-preview":"max-video-preview:-1"},"canonical":"https:\/\/agenda.poscosecha.com\/en\/eventos\/agroexpo-extremadura\/","og_locale":"en_GB","og_type":"article","og_title":"Agroexpo en Extremadura-Ferias-AGENDA Poscosecha","og_description":"Un certamen de car\u00e1cter internacional dedicado a la agricultura en Extremadura que destaca por su amplio programa de jornadas t\u00e9cnicas","og_url":"https:\/\/agenda.poscosecha.com\/en\/eventos\/agroexpo-extremadura\/","og_site_name":"AGENDA","article_publisher":"https:\/\/www.facebook.com\/Poscosecha.Postharvest\/","article_modified_time":"2026-01-04T12:45:45+00:00","og_image":[{"width":901,"height":507,"url":"https:\/\/agenda.poscosecha.com\/wp-content\/uploads\/2023\/05\/Agroexpo-26.jpg","type":"image\/jpeg"}],"twitter_card":"summary_large_image","twitter_site":"@poscosecha","twitter_misc":{"Estimated reading time":"1 minute"},"schema":{"@context":"https:\/\/schema.org","@graph":[{"@type":"WebPage","@id":"https:\/\/agenda.poscosecha.com\/eventos\/agroexpo-extremadura\/","url":"https:\/\/agenda.poscosecha.com\/eventos\/agroexpo-extremadura\/","name":"Agroexpo en Extremadura-Ferias-AGENDA Poscosecha","isPartOf":{"@id":"https:\/\/agenda.poscosecha.com\/#website"},"primaryImageOfPage":{"@id":"https:\/\/agenda.poscosecha.com\/eventos\/agroexpo-extremadura\/#primaryimage"},"image":{"@id":"https:\/\/agenda.poscosecha.com\/eventos\/agroexpo-extremadura\/#primaryimage"},"thumbnailUrl":"https:\/\/agenda.poscosecha.com\/wp-content\/uploads\/2023\/05\/Agroexpo-26.jpg","datePublished":"2023-05-01T09:50:20+00:00","dateModified":"2026-01-04T12:45:45+00:00","description":"Un certamen de car\u00e1cter internacional dedicado a la agricultura en Extremadura que destaca por su amplio programa de jornadas t\u00e9cnicas","breadcrumb":{"@id":"https:\/\/agenda.poscosecha.com\/eventos\/agroexpo-extremadura\/#breadcrumb"},"inLanguage":"en-GB","potentialAction":[{"@type":"ReadAction","target":["https:\/\/agenda.poscosecha.com\/eventos\/agroexpo-extremadura\/"]}]},{"@type":"ImageObject","inLanguage":"en-GB","@id":"https:\/\/agenda.poscosecha.com\/eventos\/agroexpo-extremadura\/#primaryimage","url":"https:\/\/agenda.poscosecha.com\/wp-content\/uploads\/2023\/05\/Agroexpo-26.jpg","contentUrl":"https:\/\/agenda.poscosecha.com\/wp-content\/uploads\/2023\/05\/Agroexpo-26.jpg","width":901,"height":507},{"@type":"BreadcrumbList","@id":"https:\/\/agenda.poscosecha.com\/eventos\/agroexpo-extremadura\/#breadcrumb","itemListElement":[{"@type":"ListItem","position":1,"name":"Portada","item":"https:\/\/agenda.poscosecha.com\/"},{"@type":"ListItem","position":2,"name":"Eventos","item":"https:\/\/agenda.poscosecha.com\/eventos\/"},{"@type":"ListItem","position":3,"name":"Agroexpo en Don Benito, Extremadura"}]},{"@type":"WebSite","@id":"https:\/\/agenda.poscosecha.com\/#website","url":"https:\/\/agenda.poscosecha.com\/","name":"Agenda de Eventos","description":"Conectando comunidades poscosecha globales","publisher":{"@id":"https:\/\/agenda.poscosecha.com\/#organization"},"potentialAction":[{"@type":"SearchAction","target":{"@type":"EntryPoint","urlTemplate":"https:\/\/agenda.poscosecha.com\/?s={search_term_string}"},"query-input":{"@type":"PropertyValueSpecification","valueRequired":true,"valueName":"search_term_string"}}],"inLanguage":"en-GB"},{"@type":"Organization","@id":"https:\/\/agenda.poscosecha.com\/#organization","name":"Agenda de Eventos","url":"https:\/\/agenda.poscosecha.com\/","logo":{"@type":"ImageObject","inLanguage":"en-GB","@id":"https:\/\/agenda.poscosecha.com\/#\/schema\/logo\/image\/","url":"https:\/\/agenda.poscosecha.com\/wp-content\/uploads\/2023\/06\/cropped-Agenda-logo-vs-1.png","contentUrl":"https:\/\/agenda.poscosecha.com\/wp-content\/uploads\/2023\/06\/cropped-Agenda-logo-vs-1.png","width":512,"height":512,"caption":"Agenda de Eventos"},"image":{"@id":"https:\/\/agenda.poscosecha.com\/#\/schema\/logo\/image\/"},"sameAs":["https:\/\/www.facebook.com\/Poscosecha.Postharvest\/","https:\/\/x.com\/poscosecha","https:\/\/www.linkedin.com\/company\/poscosecha.com\/"]}]}},"_links":{"self":[{"href":"https:\/\/agenda.poscosecha.com\/en\/wp-json\/wp\/v2\/mec-events\/2972","targetHints":{"allow":["GET"]}}],"collection":[{"href":"https:\/\/agenda.poscosecha.com\/en\/wp-json\/wp\/v2\/mec-events"}],"about":[{"href":"https:\/\/agenda.poscosecha.com\/en\/wp-json\/wp\/v2\/types\/mec-events"}],"author":[{"embeddable":true,"href":"https:\/\/agenda.poscosecha.com\/en\/wp-json\/wp\/v2\/users\/1"}],"wp:featuredmedia":[{"embeddable":true,"href":"https:\/\/agenda.poscosecha.com\/en\/wp-json\/wp\/v2\/media\/6909"}],"wp:attachment":[{"href":"https:\/\/agenda.poscosecha.com\/en\/wp-json\/wp\/v2\/media?parent=2972"}],"wp:term":[{"taxonomy":"post_tag","embeddable":true,"href":"https:\/\/agenda.poscosecha.com\/en\/wp-json\/wp\/v2\/tags?post=2972"},{"taxonomy":"mec_category","embeddable":true,"href":"https:\/\/agenda.poscosecha.com\/en\/wp-json\/wp\/v2\/mec_category?post=2972"}],"curies":[{"name":"wp","href":"https:\/\/api.w.org\/{rel}","templated":true}]}}

<p>AGROEXPO 2026 será, una vez más un certamen de carácter internacional dedicado a la agricultura que destaca por su amplio programa de jornadas técnicas, en las que se impartirán charlas y ponencias de gran interés para el sector primario y su industria asociada. Se trata de uno de los certámenes agrícolas de referencia para el sector.</p>
<p>Agroexpo se erige como la plataforma promocional, profesional y comercial por excelencia, para el mercado ibérico, dado el alto grado de estimación con el que cuenta en el sector y su inmejorable ubicación, como puente hacia el mercado de Portugal.</p>
<p>Desde FEVAL Institución Ferial de Extremadura continuamos trabajando para que la 37 edición de Agroexpo responda a los retos de futuro de un sector en constante evolución, que sirva nuevamente de escenario de encuentros profesionales y que sea un espacio que contribuya a sumar sinergias y a generar negocio.</p>
<p><iframe loading="lazy" title="AGROEXPO 2023 - Presentación" width="1080" height="608" src="https://www.youtube.com/embed/AhU5ErC_gkg?feature=oembed&#038;enablejsapi=1&#038;origin=https://agenda.poscosecha.com"  allow="accelerometer; autoplay; clipboard-write; encrypted-media; gyroscope; picture-in-picture; web-share" referrerpolicy="strict-origin-when-cross-origin" allowfullscreen></iframe></p>
<p>&nbsp;</p>

<!-- This site is optimized with the Yoast SEO plugin v27.4 - https://yoast.com/product/yoast-seo-wordpress/ -->
<title>Agroexpo en Extremadura-Ferias-AGENDA Poscosecha</title>
<meta name="description" content="Un certamen de carácter internacional dedicado a la agricultura en Extremadura que destaca por su amplio programa de jornadas técnicas" />
<meta name="robots" content="index, follow, max-snippet:-1, max-image-preview:large, max-video-preview:-1" />
<link rel="canonical" href="https://agenda.poscosecha.com/en/eventos/agroexpo-extremadura/" />
<meta property="og:locale" content="en_GB" />
<meta property="og:type" content="article" />
<meta property="og:title" content="Agroexpo en Extremadura-Ferias-AGENDA Poscosecha" />
<meta property="og:description" content="Un certamen de carácter internacional dedicado a la agricultura en Extremadura que destaca por su amplio programa de jornadas técnicas" />
<meta property="og:url" content="https://agenda.poscosecha.com/en/eventos/agroexpo-extremadura/" />
<meta property="og:site_name" content="AGENDA" />
<meta property="article:publisher" content="https://www.facebook.com/Poscosecha.Postharvest/" />
<meta property="article:modified_time" content="2026-01-04T12:45:45+00:00" />
<meta property="og:image" content="https://agenda.poscosecha.com/wp-content/uploads/2023/05/Agroexpo-26.jpg" />
	<meta property="og:image:width" content="901" />
	<meta property="og:image:height" content="507" />
	<meta property="og:image:type" content="image/jpeg" />
<meta name="twitter:card" content="summary_large_image" />
<meta name="twitter:site" content="@poscosecha" />
<meta name="twitter:label1" content="Estimated reading time" />
	<meta name="twitter:data1" content="1 minute" />
<script type="application/ld+json" class="yoast-schema-graph">{"@context":"https:\/\/schema.org","@graph":[{"@type":"WebPage","@id":"https:\/\/agenda.poscosecha.com\/eventos\/agroexpo-extremadura\/","url":"https:\/\/agenda.poscosecha.com\/eventos\/agroexpo-extremadura\/","name":"Agroexpo en Extremadura-Ferias-AGENDA Poscosecha","isPartOf":{"@id":"https:\/\/agenda.poscosecha.com\/#website"},"primaryImageOfPage":{"@id":"https:\/\/agenda.poscosecha.com\/eventos\/agroexpo-extremadura\/#primaryimage"},"image":{"@id":"https:\/\/agenda.poscosecha.com\/eventos\/agroexpo-extremadura\/#primaryimage"},"thumbnailUrl":"https:\/\/agenda.poscosecha.com\/wp-content\/uploads\/2023\/05\/Agroexpo-26.jpg","datePublished":"2023-05-01T09:50:20+00:00","dateModified":"2026-01-04T12:45:45+00:00","description":"Un certamen de carácter internacional dedicado a la agricultura en Extremadura que destaca por su amplio programa de jornadas técnicas","breadcrumb":{"@id":"https:\/\/agenda.poscosecha.com\/eventos\/agroexpo-extremadura\/#breadcrumb"},"inLanguage":"en-GB","potentialAction":[{"@type":"ReadAction","target":["https:\/\/agenda.poscosecha.com\/eventos\/agroexpo-extremadura\/"]}]},{"@type":"ImageObject","inLanguage":"en-GB","@id":"https:\/\/agenda.poscosecha.com\/eventos\/agroexpo-extremadura\/#primaryimage","url":"https:\/\/agenda.poscosecha.com\/wp-content\/uploads\/2023\/05\/Agroexpo-26.jpg","contentUrl":"https:\/\/agenda.poscosecha.com\/wp-content\/uploads\/2023\/05\/Agroexpo-26.jpg","width":901,"height":507},{"@type":"BreadcrumbList","@id":"https:\/\/agenda.poscosecha.com\/eventos\/agroexpo-extremadura\/#breadcrumb","itemListElement":[{"@type":"ListItem","position":1,"name":"Portada","item":"https:\/\/agenda.poscosecha.com\/"},{"@type":"ListItem","position":2,"name":"Eventos","item":"https:\/\/agenda.poscosecha.com\/eventos\/"},{"@type":"ListItem","position":3,"name":"Agroexpo en Don Benito, Extremadura"}]},{"@type":"WebSite","@id":"https:\/\/agenda.poscosecha.com\/#website","url":"https:\/\/agenda.poscosecha.com\/","name":"Agenda de Eventos","description":"Conectando comunidades poscosecha globales","publisher":{"@id":"https:\/\/agenda.poscosecha.com\/#organization"},"potentialAction":[{"@type":"SearchAction","target":{"@type":"EntryPoint","urlTemplate":"https:\/\/agenda.poscosecha.com\/?s={search_term_string}"},"query-input":{"@type":"PropertyValueSpecification","valueRequired":true,"valueName":"search_term_string"}}],"inLanguage":"en-GB"},{"@type":"Organization","@id":"https:\/\/agenda.poscosecha.com\/#organization","name":"Agenda de Eventos","url":"https:\/\/agenda.poscosecha.com\/","logo":{"@type":"ImageObject","inLanguage":"en-GB","@id":"https:\/\/agenda.poscosecha.com\/#\/schema\/logo\/image\/","url":"https:\/\/agenda.poscosecha.com\/wp-content\/uploads\/2023\/06\/cropped-Agenda-logo-vs-1.png","contentUrl":"https:\/\/agenda.poscosecha.com\/wp-content\/uploads\/2023\/06\/cropped-Agenda-logo-vs-1.png","width":512,"height":512,"caption":"Agenda de Eventos"},"image":{"@id":"https:\/\/agenda.poscosecha.com\/#\/schema\/logo\/image\/"},"sameAs":["https:\/\/www.facebook.com\/Poscosecha.Postharvest\/","https:\/\/x.com\/poscosecha","https:\/\/www.linkedin.com\/company\/poscosecha.com\/"]}]}</script>
<!-- / Yoast SEO plugin. -->

Un certamen de carácter internacional dedicado a la agricultura en Extremadura que destaca por su amplio programa de jornadas técnicas
