{"version":"1.0","provider_name":"AGENDA","provider_url":"https:\/\/agenda.poscosecha.com\/en","author_name":"admin","author_url":"https:\/\/agenda.poscosecha.com\/en\/author\/celinevt\/","title":"Almendro: Una vision global del campo al mercado - AGENDA","type":"rich","width":600,"height":338,"html":"<blockquote class=\"wp-embedded-content\" data-secret=\"2j9ElqchWQ\"><a href=\"https:\/\/agenda.poscosecha.com\/en\/eventos\/almendro-una-vision-global-del-campo-al-mercado\/\">Almendro: Una vision global del campo al mercado<\/a><\/blockquote><iframe sandbox=\"allow-scripts\" security=\"restricted\" src=\"https:\/\/agenda.poscosecha.com\/en\/eventos\/almendro-una-vision-global-del-campo-al-mercado\/embed\/#?secret=2j9ElqchWQ\" width=\"600\" height=\"338\" title=\"&#8220;Almendro: Una vision global del campo al mercado&#8221; &#8212; AGENDA\" data-secret=\"2j9ElqchWQ\" frameborder=\"0\" marginwidth=\"0\" marginheight=\"0\" scrolling=\"no\" class=\"wp-embedded-content\"><\/iframe><script type=\"text\/javascript\">\n\/* <![CDATA[ *\/\n\/*! This file is auto-generated *\/\n!function(d,l){\"use strict\";l.querySelector&&d.addEventListener&&\"undefined\"!=typeof URL&&(d.wp=d.wp||{},d.wp.receiveEmbedMessage||(d.wp.receiveEmbedMessage=function(e){var t=e.data;if((t||t.secret||t.message||t.value)&&!\/[^a-zA-Z0-9]\/.test(t.secret)){for(var s,r,n,a=l.querySelectorAll('iframe[data-secret=\"'+t.secret+'\"]'),o=l.querySelectorAll('blockquote[data-secret=\"'+t.secret+'\"]'),c=new RegExp(\"^https?:$\",\"i\"),i=0;i<o.length;i++)o[i].style.display=\"none\";for(i=0;i<a.length;i++)s=a[i],e.source===s.contentWindow&&(s.removeAttribute(\"style\"),\"height\"===t.message?(1e3<(r=parseInt(t.value,10))?r=1e3:~~r<200&&(r=200),s.height=r):\"link\"===t.message&&(r=new URL(s.getAttribute(\"src\")),n=new URL(t.value),c.test(n.protocol))&&n.host===r.host&&l.activeElement===s&&(d.top.location.href=t.value))}},d.addEventListener(\"message\",d.wp.receiveEmbedMessage,!1),l.addEventListener(\"DOMContentLoaded\",function(){for(var e,t,s=l.querySelectorAll(\"iframe.wp-embedded-content\"),r=0;r<s.length;r++)(t=(e=s[r]).getAttribute(\"data-secret\"))||(t=Math.random().toString(36).substring(2,12),e.src+=\"#?secret=\"+t,e.setAttribute(\"data-secret\",t)),e.contentWindow.postMessage({message:\"ready\",secret:t},\"*\")},!1)))}(window,document);\n\/\/# sourceURL=https:\/\/agenda.poscosecha.com\/wp-includes\/js\/wp-embed.min.js\n\/* ]]> *\/\n<\/script>","thumbnail_url":"https:\/\/agenda.poscosecha.com\/wp-content\/uploads\/2023\/04\/Cartel-Inscripcion-Formulario.604c82013464a4.80097134-e1616099049709-IoL2cS.tmp_.jpg","thumbnail_width":504,"thumbnail_height":283,"description":"Seg\u00fan los datos del Ministerio de Agricultura, Pesca y Alimentaci\u00f3n de Espa\u00f1a (MAPA), la superficie de almendro en este pa\u00eds en 2019 super\u00f3 las 687.000 hect\u00e1reas, una extensi\u00f3n que no parado de creer desde 2014 como una de las consecuencias de la crisis de los frutales de hueso originada, en parte, por el veto ruso. [&hellip;]"}

Según los datos del Ministerio de Agricultura, Pesca y Alimentación de España (MAPA), la superficie de almendro en este país en 2019 superó las 687.000 hectáreas, una extensión que no parado de creer desde 2014 como una de las consecuencias de la crisis de los frutales de hueso originada, en parte, por el veto ruso. [&hellip;]
